{"id":103466,"date":"2020-03-13T08:54:01","date_gmt":"2020-03-13T07:54:01","guid":{"rendered":"https:\/\/hei.eus\/es\/eventos\/cineforum-entre3-proyeccion-de-la-pelicula-fatima\/"},"modified":"2020-09-30T12:26:53","modified_gmt":"2020-09-30T10:26:53","slug":"cineforum-entre3-proyeccion-de-la-pelicula-fatima","status":"publish","type":"tribe_events","link":"https:\/\/hei.eus\/es\/eventos\/cineforum-entre3-proyeccion-de-la-pelicula-fatima\/","title":{"rendered":"Cinef\u00f3rum Entre3: proyecci\u00f3n de la pel\u00edcula &#8216;Fatima'"},"content":{"rendered":"<p><!--ODT--><\/p>\n<h4>Descripci&#243;n<\/h4>\n<p><img decoding=\"async\" src=\"https:\/\/www.vitoria-gasteiz.org\/docs\/wb021\/img\/gestor\/96\/64\/gi_59664.png\" alt=\"Cartel de la pel&#237;cula FATIMA\" class=\"pull-right\" \/><\/p>\n<p><strong>Lugar:<\/strong> Cines Florida.<\/p>\n<p><strong>Idioma del cinef&#243;rum: <\/strong>castellano.<\/p>\n<p><strong>Idioma del film: <\/strong>versi&#243;n original en franc&#233;s y &#225;rabe con subt&#237;tulos en castellano.<\/p>\n<p><strong>A&#241;o:<\/strong> 2015.<\/p>\n<p><strong>Duraci&#243;n:<\/strong> 79 min.<\/p>\n<p><strong>Pa&#237;s:<\/strong> Francia.<\/p>\n<p><strong>Direcci&#243;n:<\/strong> Philippe Faucon.<\/p>\n<p><strong>Guion:<\/strong> Philippe Faucon (Libros: Fatima Elayoubi).<\/p>\n<p><strong>Fotograf&#237;a:<\/strong> Laurent Fenart.<\/p>\n<p><strong>Reparto:<\/strong> Soria Zeroual, Zita Hanrot, Mehdi Senoussi, Franck Andrieux, Yolanda Mpele.<\/p>\n<p><strong>G&#233;nero:<\/strong> Drama.<\/p>\n<p><strong>Tema:<\/strong> Identidad \/ Empoderamiento \/ Xenofobia \/ Cuidados.<\/p>\n<p><strong>Sinopsis: <\/strong><\/p>\n<p>Libremente inspirado en las obras de Fatima Elayoubi, &#8220;Pri&#232;re &#224; la lune&#8221; y &#8220;En fin, je peux marcher seule&#8221;, &#8220;Fatima&#8221; es la historia de la lucha de una madre sola por sacar adelante a sus hijas en un pa&#237;s del que desconoce el idioma, una historia de peque&#241;os fracasos y de grandes triunfos. La historia de una madre.<\/p>\n<p><strong>Premios:<\/strong><\/p>\n<p>3 Premios C&#233;sar obtenidos en el a&#241;o 2015: Mejor pel&#237;cula, gui&#243;n adaptado y actriz revelaci&#243;n.<\/p>\n<h4>Detalles de la actividad<\/h4>\n<p>Entrada con invitaci&#243;n. Se podr&#225;n recoger a partir del 3 de octubre en los centros c&#237;vicos e instalaciones deportivas municipales. <\/p>\n<p>Si necesitas el servicio de guarder&#237;a o int&#233;rprete de lengua de signos h&#225;znoslo saber con 5 d&#237;as de antelaci&#243;n, por tel&#233;fono 945 161687 o por e-mail heieskola@vitoria-gasteiz.org<\/p>\n<p>Esta actividad est&#225; enmarcada en <a href=\"https:\/\/www.vitoria-gasteiz.org\/wb021\/was\/contenidoAction.do?idioma=es&amp;uid=u12aa3e5_1576eff20cf__7e8b\">HEI-Escuela abierta de la ciudadan&#237;a<\/a> y en la <a href=\"https:\/\/www.vitoria-gasteiz.org\/wb021\/was\/contenidoAction.do?idioma=es&amp;uid=u_4871573f_1323cfe44bd__7f9c\">Escuela para el Empoderamiento Feminista<\/a> y en el <a href=\"https:\/\/www.vitoria-gasteiz.org\/wb021\/was\/contenidoAction.do?idioma=es&amp;uid=u12aa3e5_1576eff20cf__7d7d\">Programa Aprender a Convivir<\/a>. <\/p>\n<p><\/p>","protected":false},"excerpt":{"rendered":"<p>Descripci&#243;n Lugar: Cines Florida. Idioma del cinef&#243;rum: castellano. Idioma del [&hellip;]<\/p>\n","protected":false},"author":3,"featured_media":0,"comment_status":"closed","ping_status":"closed","template":"","meta":{"_tribe_events_status":"","_tribe_events_status_reason":"","footnotes":""},"tags":[],"tribe_events_cat":[129],"_links":{"self":[{"href":"https:\/\/hei.eus\/es\/wp-json\/wp\/v2\/tribe_events\/103466"}],"collection":[{"href":"https:\/\/hei.eus\/es\/wp-json\/wp\/v2\/tribe_events"}],"about":[{"href":"https:\/\/hei.eus\/es\/wp-json\/wp\/v2\/types\/tribe_events"}],"author":[{"embeddable":true,"href":"https:\/\/hei.eus\/es\/wp-json\/wp\/v2\/users\/3"}],"replies":[{"embeddable":true,"href":"https:\/\/hei.eus\/es\/wp-json\/wp\/v2\/comments?post=103466"}],"version-history":[{"count":0,"href":"https:\/\/hei.eus\/es\/wp-json\/wp\/v2\/tribe_events\/103466\/revisions"}],"wp:attachment":[{"href":"https:\/\/hei.eus\/es\/wp-json\/wp\/v2\/media?parent=103466"}],"wp:term":[{"taxonomy":"post_tag","embeddable":true,"href":"https:\/\/hei.eus\/es\/wp-json\/wp\/v2\/tags?post=103466"},{"taxonomy":"tribe_events_cat","embeddable":true,"href":"https:\/\/hei.eus\/es\/wp-json\/wp\/v2\/tribe_events_cat?post=103466"}],"curies":[{"name":"wp","href":"https:\/\/api.w.org\/{rel}","templated":true}]}}

Cinefórum Entre3: proyección de la película &#8216;Fatima'
