{"id":18432,"date":"2019-12-25T07:07:58","date_gmt":"2019-12-25T06:07:58","guid":{"rendered":"https:\/\/hei.eus\/es\/eventos\/reuniones-eficaces-aprendiendo-a-moderar-y-deliberar\/"},"modified":"2019-12-31T20:53:03","modified_gmt":"2019-12-31T19:53:03","slug":"reuniones-eficaces-aprendiendo-a-moderar-y-deliberar","status":"publish","type":"tribe_events","link":"https:\/\/hei.eus\/es\/eventos\/reuniones-eficaces-aprendiendo-a-moderar-y-deliberar\/","title":{"rendered":"Reuniones eficaces, aprendiendo a moderar y deliberar."},"content":{"rendered":"<p> <!--ODT--> <\/p>\n<p>Curso incluido dentro de <a href=\"https:\/\/www.vitoria-gasteiz.org\/wb021\/was\/contenidoAction.do?uid=u12aa3e5_1576eff20cf__7e8b&amp;alias=&amp;idioma=es\">HEI Escuela Abierta de la Ciudadan\u00eda<\/a><\/p>\n<p><img decoding=\"async\" src=\"https:\/\/www.vitoria-gasteiz.org\/docs\/wb021\/img\/gestor\/82\/36\/gi_48236.jpg\" alt=\"\" \/><\/p>\n<p><strong>Fecha<\/strong>: 9,16,23 y 30 de enero<\/p>\n<p><strong>Horario<\/strong>: 10:00 \u2013 12:00 (4 sesiones de 2 horas de duraci\u00f3n)<\/p>\n<p><strong>Idioma<\/strong>: castellano<\/p>\n<p><strong>Lugar<\/strong>: Casa de Asociaciones Simone de Beauvoir (San Ignacio de Loyola, 8)<\/p>\n<p><strong>Dirigido a<\/strong>: ciudadan\u00eda, personal t\u00e9cnico municipal y representantes pol\u00edticos.<\/p>\n<h4>Objetivo:<\/h4>\n<ul>\n<li>Asegurar la eficacia de las reuniones desde el desempe\u00f1o adecuado del rol de dinamizador como responsable de su resultado.<\/li>\n<li>Aprender a dinamizar reuniones efectivas utilizando herramientas y habilidades que fomenten la participaci\u00f3n de las personas as\u00ed como su compromiso y responsabilidad en la misma.<\/li>\n<\/ul>\n<h4>Programa:<\/h4>\n<p>1.- Dificultades habituales de las reuniones: \u00bfQu\u00e9 hacer?<\/p>\n<p>2.- Como preparar una reuni\u00f3n:<\/p>\n<p>Fase 1. Planificar: \u201cPrimero lo primero\u201d.<\/p>\n<p>Fase 2. Organizar: espacio, informaci\u00f3n, convocatoria.<\/p>\n<p>3.- Desarrollo efectivo de la reuni\u00f3n:<\/p>\n<p>Fase 3. Estructura y control: Como dinamizar la reuni\u00f3n para la participaci\u00f3n. Habilidades de conversaci\u00f3n.<\/p>\n<p>Fase 4. Resumen y registro: acuerdos, compromiso y plan de acci\u00f3n.<\/p>\n<p>4.- Aprendizaje de nuestras reuniones:<\/p>\n<p>Fase 5. An\u00e1lisis y evaluaci\u00f3n: Mejora continua.<\/p>\n<h4>Metodolog\u00eda:<\/h4>\n<p>Desarrollado como un taller de aprendizaje compartido en el que los y las participantes tomen un papel activo para trabajar con las dificultades en las que se encuentran a la hora de dinamizar y facilitar las reuniones de sus departamentos: su rol como representante, asegurar la participaci\u00f3n, uso y utilizaci\u00f3n adecuada de herramientas y t\u00e9cnicas de reuniones efectivas (convocatoria, agenda, protocolo de la reuni\u00f3n&#8230;) y gesti\u00f3n del compromiso.<\/p>\n<p>Se utilizar\u00e1n metodolog\u00edas de participaci\u00f3n y rol play para desarrollar habilidades efectivas de dinamizaci\u00f3n de reuniones.<\/p>\n<p><\/p>\n<div style=\"text-align: center\"><a href=\"https:\/\/www.vitoria-gasteiz.org\/j31-01w\/formularioViewer\/create?lang=es&amp;locale=es&amp;idioma=es&amp;formularioId=228\" class=\"tribe-events-button\">INSCR\u00cdBETE<\/a><\/div>\n<h4>Inscripciones<\/h4>\n<p>Entrada gratuita previa inscripci\u00f3n. La inscripci\u00f3n puede hacerse v\u00eda <a href=\"https:\/\/www.vitoria-gasteiz.org\/j31-01w\/formularioViewer\/create?lang=es&amp;locale=es&amp;idioma=es&amp;formularioId=228\">web<\/a>, llamando al tel\u00e9fono <a href=\"tel:010\" target=\"_blank\" rel=\"external noopener noreferrer\">010<\/a> (<a href=\"tel:+34945161100\" target=\"_blank\" rel=\"external noopener noreferrer\">945 161 100<\/a> si se llama desde fuera del municipio) o de manera presencial en las Oficinas de Atenci\u00f3n Ciudadana<\/p>\n<p>El plazo de inscripci\u00f3n estar\u00e1 abierto a partir del 20 de octubre de 2017. Las plazas de las actividades de la Escuela se adjudican por orden de inscripci\u00f3n.<\/p>\n<p>Si te has inscrito pero finalmente no puedes realizar la actividad, h\u00e1znoslo saber con anterioridad a la fecha del comienzo de la misma, llamando al 945 161687 \/ o en heieskola@vitoria-gasteiz.org. La baja en la actividad generar\u00e1 la posibilidad de que otra persona pueda inscribirse en la plaza que dejas libre.<\/p>\n<p>Las actividades que no alcancen un n\u00famero m\u00ednimo de inscripciones podr\u00e1n ser suspendidas.<\/p>\n<p><\/p>","protected":false},"excerpt":{"rendered":"<p>Curso incluido dentro de HEI Escuela Abierta de la Ciudadan\u00eda [&hellip;]<\/p>\n","protected":false},"author":2,"featured_media":0,"comment_status":"closed","ping_status":"closed","template":"","meta":{"_tribe_events_status":"","_tribe_events_status_reason":"","footnotes":""},"tags":[],"tribe_events_cat":[129],"_links":{"self":[{"href":"https:\/\/hei.eus\/es\/wp-json\/wp\/v2\/tribe_events\/18432"}],"collection":[{"href":"https:\/\/hei.eus\/es\/wp-json\/wp\/v2\/tribe_events"}],"about":[{"href":"https:\/\/hei.eus\/es\/wp-json\/wp\/v2\/types\/tribe_events"}],"author":[{"embeddable":true,"href":"https:\/\/hei.eus\/es\/wp-json\/wp\/v2\/users\/2"}],"replies":[{"embeddable":true,"href":"https:\/\/hei.eus\/es\/wp-json\/wp\/v2\/comments?post=18432"}],"version-history":[{"count":0,"href":"https:\/\/hei.eus\/es\/wp-json\/wp\/v2\/tribe_events\/18432\/revisions"}],"wp:attachment":[{"href":"https:\/\/hei.eus\/es\/wp-json\/wp\/v2\/media?parent=18432"}],"wp:term":[{"taxonomy":"post_tag","embeddable":true,"href":"https:\/\/hei.eus\/es\/wp-json\/wp\/v2\/tags?post=18432"},{"taxonomy":"tribe_events_cat","embeddable":true,"href":"https:\/\/hei.eus\/es\/wp-json\/wp\/v2\/tribe_events_cat?post=18432"}],"curies":[{"name":"wp","href":"https:\/\/api.w.org\/{rel}","templated":true}]}}

<p> <!--ODT--> </p>
<p>Curso incluido dentro de <a href="https://www.vitoria-gasteiz.org/wb021/was/contenidoAction.do?uid=u12aa3e5_1576eff20cf__7e8b&amp;alias=&amp;idioma=es">HEI Escuela Abierta de la Ciudadanía</a></p>
<p><img decoding="async" src="https://www.vitoria-gasteiz.org/docs/wb021/img/gestor/82/36/gi_48236.jpg" alt="" /></p>
<p><strong>Fecha</strong>: 9,16,23 y 30 de enero</p>
<p><strong>Horario</strong>: 10:00 – 12:00 (4 sesiones de 2 horas de duración)</p>
<p><strong>Idioma</strong>: castellano</p>
<p><strong>Lugar</strong>: Casa de Asociaciones Simone de Beauvoir (San Ignacio de Loyola, 8)</p>
<p><strong>Dirigido a</strong>: ciudadanía, personal técnico municipal y representantes políticos.</p>
<h4>Objetivo:</h4>
<ul>
<li>Asegurar la eficacia de las reuniones desde el desempeño adecuado del rol de dinamizador como responsable de su resultado.</li>
<li>Aprender a dinamizar reuniones efectivas utilizando herramientas y habilidades que fomenten la participación de las personas así como su compromiso y responsabilidad en la misma.</li>
</ul>
<h4>Programa:</h4>
<p>1.- Dificultades habituales de las reuniones: ¿Qué hacer?</p>
<p>2.- Como preparar una reunión:</p>
<p>Fase 1. Planificar: “Primero lo primero”.</p>
<p>Fase 2. Organizar: espacio, información, convocatoria.</p>
<p>3.- Desarrollo efectivo de la reunión:</p>
<p>Fase 3. Estructura y control: Como dinamizar la reunión para la participación. Habilidades de conversación.</p>
<p>Fase 4. Resumen y registro: acuerdos, compromiso y plan de acción.</p>
<p>4.- Aprendizaje de nuestras reuniones:</p>
<p>Fase 5. Análisis y evaluación: Mejora continua.</p>
<h4>Metodología:</h4>
<p>Desarrollado como un taller de aprendizaje compartido en el que los y las participantes tomen un papel activo para trabajar con las dificultades en las que se encuentran a la hora de dinamizar y facilitar las reuniones de sus departamentos: su rol como representante, asegurar la participación, uso y utilización adecuada de herramientas y técnicas de reuniones efectivas (convocatoria, agenda, protocolo de la reunión&#8230;) y gestión del compromiso.</p>
<p>Se utilizarán metodologías de participación y rol play para desarrollar habilidades efectivas de dinamización de reuniones.</p>
<p></p>
<div style="text-align: center"><a href="https://www.vitoria-gasteiz.org/j31-01w/formularioViewer/create?lang=es&amp;locale=es&amp;idioma=es&amp;formularioId=228" class="tribe-events-button">INSCRÍBETE</a></div>
<h4>Inscripciones</h4>
<p>Entrada gratuita previa inscripción. La inscripción puede hacerse vía <a href="https://www.vitoria-gasteiz.org/j31-01w/formularioViewer/create?lang=es&amp;locale=es&amp;idioma=es&amp;formularioId=228">web</a>, llamando al teléfono <a href="tel:010" target="_blank" rel="external noopener noreferrer">010</a> (<a href="tel:+34945161100" target="_blank" rel="external noopener noreferrer">945 161 100</a> si se llama desde fuera del municipio) o de manera presencial en las Oficinas de Atención Ciudadana</p>
<p>El plazo de inscripción estará abierto a partir del 20 de octubre de 2017. Las plazas de las actividades de la Escuela se adjudican por orden de inscripción.</p>
<p>Si te has inscrito pero finalmente no puedes realizar la actividad, háznoslo saber con anterioridad a la fecha del comienzo de la misma, llamando al 945 161687 / o en heieskola@vitoria-gasteiz.org. La baja en la actividad generará la posibilidad de que otra persona pueda inscribirse en la plaza que dejas libre.</p>
<p>Las actividades que no alcancen un número mínimo de inscripciones podrán ser suspendidas.</p>
<p></p>

<p>Curso incluido dentro de HEI Escuela Abierta de la Ciudadanía [&hellip;]</p>
