{"id":18449,"date":"2019-12-25T07:08:30","date_gmt":"2019-12-25T06:08:30","guid":{"rendered":"https:\/\/hei.eus\/es\/eventos\/conferencia-la-vida-en-comun-algunas-claves-para-la-convivencia-democratica-con-daniel-innerarity\/"},"modified":"2019-12-31T20:53:23","modified_gmt":"2019-12-31T19:53:23","slug":"conferencia-la-vida-en-comun-algunas-claves-para-la-convivencia-democratica-con-daniel-innerarity","status":"publish","type":"tribe_events","link":"https:\/\/hei.eus\/es\/eventos\/conferencia-la-vida-en-comun-algunas-claves-para-la-convivencia-democratica-con-daniel-innerarity\/","title":{"rendered":"Conferencia &#8211; &#8216;La vida en com\u00fan: algunas claves para la convivencia democr\u00e1tica&#8217;, con Daniel Innerarity"},"content":{"rendered":"<p> <\/p>\n<p>Curso incluido dentro de <a href=\"https:\/\/www.vitoria-gasteiz.org\/wb021\/was\/contenidoAction.do?uid=u12aa3e5_1576eff20cf__7e8b&amp;alias=&amp;idioma=es\">HEI Escuela Abierta de la Ciudadan\u00eda<\/a> y del programa <a href=\"https:\/\/www.vitoria-gasteiz.org\/wb021\/was\/contenidoAction.do?uid=u12aa3e5_1576eff20cf__7d7d&amp;idioma=es\">Aprender a Convivir<\/a><\/p>\n<p><strong>D\u00eda<\/strong>: 17 de mayo<\/p>\n<p><strong>Ordua<\/strong>: 18:30 &#8211; 21:00<\/p>\n<p><strong>Idioma<\/strong>: castellano<\/p>\n<p><strong>Lugar<\/strong>: Palacio de congresos Europa. Auditorio Francisco de Vitoria.<\/p>\n<p>Ciudadanos y ciudadanas somos cada vez m\u00e1s exigentes con nuestros gobiernos, lo que es un claro signo de conciencia democr\u00e1tica. Ahora bien, \u00bfcu\u00e1nto nos exigimos a nosotros mismos? \u00bfEstamos suficientemente formados e informados acerca de los asuntos p\u00fablicos? \u00bfTenemos conciencia de vivir en un mundo com\u00fan o somos m\u00e1s bien espectadores y consumidores de la pol\u00edtica?<\/p>\n<p><strong>Daniel Innerarity<\/strong><\/p>\n<p><img decoding=\"async\" src=\"https:\/\/www.vitoria-gasteiz.org\/docs\/wb021\/img\/gestor\/83\/78\/gi_48378.jpg\" alt=\"\" class=\"pull-left\" \/> Daniel Innerarity es catedr\u00e1tico de filosof\u00eda pol\u00edtica y social, investigador \u00abIkerbasque\u00bb en la Universidad del Pa\u00eds Vasco y director de su Instituto de Gobernanza Democr\u00e1tica (www.globernance.org). Ha sido profesor invitado en diversas universidades europeas y americanas,\u200b como la Universidad de la Sorbona (Paris I), o la London School of Economics and Political Science. Actualmente es titular de la c\u00e1tedra Davis en la Universidad de Georgetown y profesor visitante en el Instituto Europeo de Florencia.<\/p>\n<p>Entre sus \u00faltimos libros cabe destacar \u00c9tica de la hospitalidad (Premio de la Sociedad Alpina de Filosof\u00eda 2011 al mejor libro de filosof\u00eda en lengua francesa). La revista francesa \u00abLe Nouvel Observateur\u00bb le incluy\u00f3 el a\u00f1o 2004 en una lista de los 25 grandes pensadores del mundo.<\/p>\n<p><strong>Leire Zugazua, Arantza Basagoiti y Juan Ibarrondo<\/strong><\/p>\n<p>Dialogar\u00e1n con el ponente y le trasladar\u00e1n cuestiones relacionadas con la ciudadan\u00eda, la convivencia y la diversidad.<\/p>\n<p><strong>20:00 La m\u00fasica y un aperitivo dar\u00e1n el broche final a la clausura<\/strong>.<\/p>\n<p><img decoding=\"async\" src=\"https:\/\/www.vitoria-gasteiz.org\/docs\/wb021\/img\/gestor\/21\/57\/gi_52157.jpg\" alt=\"convivencia y diversidad\" \/><\/p>\n<p>En 2018 la <strong>Escolan\u00eda Samaniego<\/strong> celebra su 50 aniversario. Desde 1968 el canto coral ha formado parte de la educaci\u00f3n integral del centro. En el acto, podremos escuchar a la Preescolan\u00eda compuesta por una veintena de ni\u00f1as y ni\u00f1os de 6 a 10 a\u00f1os del Colegio Samaniego y dirigida por Mar\u00eda Pi\u00e9rola.<\/p>\n<h3>Detalles<\/h3>\n<ul>\n<li><strong>Invitaciones<\/strong>: se pueden recoger en los centros c\u00edvicos y el propio lugar antes del inicio<\/li>\n<li>La conferencia dispondr\u00e1 de <strong>int\u00e9rprete de lenguaje de signos<\/strong>.<\/li>\n<li>Se podr\u00e1 solicitar <strong>servicio de guarder\u00eda<\/strong>, con 5 d\u00edas de antelaci\u00f3n a trav\u00e9s del correo electr\u00f3nico heieskola@vitoria-gasteiz.org o en el tel\u00e9fono 945161687.<\/li>\n<\/ul>\n<p><\/p>","protected":false},"excerpt":{"rendered":"<p>Curso incluido dentro de HEI Escuela Abierta de la Ciudadan\u00eda [&hellip;]<\/p>\n","protected":false},"author":2,"featured_media":0,"comment_status":"closed","ping_status":"closed","template":"","meta":{"_tribe_events_status":"","_tribe_events_status_reason":"","footnotes":""},"tags":[],"tribe_events_cat":[129],"_links":{"self":[{"href":"https:\/\/hei.eus\/es\/wp-json\/wp\/v2\/tribe_events\/18449"}],"collection":[{"href":"https:\/\/hei.eus\/es\/wp-json\/wp\/v2\/tribe_events"}],"about":[{"href":"https:\/\/hei.eus\/es\/wp-json\/wp\/v2\/types\/tribe_events"}],"author":[{"embeddable":true,"href":"https:\/\/hei.eus\/es\/wp-json\/wp\/v2\/users\/2"}],"replies":[{"embeddable":true,"href":"https:\/\/hei.eus\/es\/wp-json\/wp\/v2\/comments?post=18449"}],"version-history":[{"count":0,"href":"https:\/\/hei.eus\/es\/wp-json\/wp\/v2\/tribe_events\/18449\/revisions"}],"wp:attachment":[{"href":"https:\/\/hei.eus\/es\/wp-json\/wp\/v2\/media?parent=18449"}],"wp:term":[{"taxonomy":"post_tag","embeddable":true,"href":"https:\/\/hei.eus\/es\/wp-json\/wp\/v2\/tags?post=18449"},{"taxonomy":"tribe_events_cat","embeddable":true,"href":"https:\/\/hei.eus\/es\/wp-json\/wp\/v2\/tribe_events_cat?post=18449"}],"curies":[{"name":"wp","href":"https:\/\/api.w.org\/{rel}","templated":true}]}}

Conferencia &#8211; &#8216;La vida en común: algunas claves para la convivencia democrática&#8217;, con Daniel Innerarity

<p> </p>
<p>Curso incluido dentro de <a href="https://www.vitoria-gasteiz.org/wb021/was/contenidoAction.do?uid=u12aa3e5_1576eff20cf__7e8b&amp;alias=&amp;idioma=es">HEI Escuela Abierta de la Ciudadanía</a> y del programa <a href="https://www.vitoria-gasteiz.org/wb021/was/contenidoAction.do?uid=u12aa3e5_1576eff20cf__7d7d&amp;idioma=es">Aprender a Convivir</a></p>
<p><strong>Día</strong>: 17 de mayo</p>
<p><strong>Ordua</strong>: 18:30 &#8211; 21:00</p>
<p><strong>Idioma</strong>: castellano</p>
<p><strong>Lugar</strong>: Palacio de congresos Europa. Auditorio Francisco de Vitoria.</p>
<p>Ciudadanos y ciudadanas somos cada vez más exigentes con nuestros gobiernos, lo que es un claro signo de conciencia democrática. Ahora bien, ¿cuánto nos exigimos a nosotros mismos? ¿Estamos suficientemente formados e informados acerca de los asuntos públicos? ¿Tenemos conciencia de vivir en un mundo común o somos más bien espectadores y consumidores de la política?</p>
<p><strong>Daniel Innerarity</strong></p>
<p><img decoding="async" src="https://www.vitoria-gasteiz.org/docs/wb021/img/gestor/83/78/gi_48378.jpg" alt="" class="pull-left" /> Daniel Innerarity es catedrático de filosofía política y social, investigador «Ikerbasque» en la Universidad del País Vasco y director de su Instituto de Gobernanza Democrática (www.globernance.org). Ha sido profesor invitado en diversas universidades europeas y americanas,​ como la Universidad de la Sorbona (Paris I), o la London School of Economics and Political Science. Actualmente es titular de la cátedra Davis en la Universidad de Georgetown y profesor visitante en el Instituto Europeo de Florencia.</p>
<p>Entre sus últimos libros cabe destacar Ética de la hospitalidad (Premio de la Sociedad Alpina de Filosofía 2011 al mejor libro de filosofía en lengua francesa). La revista francesa «Le Nouvel Observateur» le incluyó el año 2004 en una lista de los 25 grandes pensadores del mundo.</p>
<p><strong>Leire Zugazua, Arantza Basagoiti y Juan Ibarrondo</strong></p>
<p>Dialogarán con el ponente y le trasladarán cuestiones relacionadas con la ciudadanía, la convivencia y la diversidad.</p>
<p><strong>20:00 La música y un aperitivo darán el broche final a la clausura</strong>.</p>
<p><img decoding="async" src="https://www.vitoria-gasteiz.org/docs/wb021/img/gestor/21/57/gi_52157.jpg" alt="convivencia y diversidad" /></p>
<p>En 2018 la <strong>Escolanía Samaniego</strong> celebra su 50 aniversario. Desde 1968 el canto coral ha formado parte de la educación integral del centro. En el acto, podremos escuchar a la Preescolanía compuesta por una veintena de niñas y niños de 6 a 10 años del Colegio Samaniego y dirigida por María Piérola.</p>
<h3>Detalles</h3>
<ul>
<li><strong>Invitaciones</strong>: se pueden recoger en los centros cívicos y el propio lugar antes del inicio</li>
<li>La conferencia dispondrá de <strong>intérprete de lenguaje de signos</strong>.</li>
<li>Se podrá solicitar <strong>servicio de guardería</strong>, con 5 días de antelación a través del correo electrónico heieskola@vitoria-gasteiz.org o en el teléfono 945161687.</li>
</ul>
<p></p>

<p>Curso incluido dentro de HEI Escuela Abierta de la Ciudadanía [&hellip;]</p>
