{"id":18450,"date":"2019-12-25T07:08:33","date_gmt":"2019-12-25T06:08:33","guid":{"rendered":"https:\/\/hei.eus\/es\/eventos\/atencion-a-las-personas-mayores-en-los-servicios-sociales\/"},"modified":"2019-12-31T20:53:24","modified_gmt":"2019-12-31T19:53:24","slug":"atencion-a-las-personas-mayores-en-los-servicios-sociales","status":"publish","type":"tribe_events","link":"https:\/\/hei.eus\/es\/eventos\/atencion-a-las-personas-mayores-en-los-servicios-sociales\/","title":{"rendered":"Atenci\u00f3n a las personas mayores en los servicios sociales"},"content":{"rendered":"<p> <!--ODT--> <\/p>\n<p>Curso incluido dentro de <a href=\"https:\/\/www.vitoria-gasteiz.org\/wb021\/was\/contenidoAction.do?uid=u12aa3e5_1576eff20cf__7e8b&amp;alias=&amp;idioma=es\">HEI Escuela Abierta de la Ciudadan\u00eda<\/a><\/p>\n<p><img decoding=\"async\" src=\"https:\/\/www.vitoria-gasteiz.org\/docs\/wb021\/img\/gestor\/27\/91\/gi_52791.jpg\" alt=\"\" \/><\/p>\n<p>Sara Buesa, Directora del Departamento de Pol\u00edticas Sociales y Salud P\u00fablica del Ayuntamiento de Vitoria-Gasteiz y Miren Saratxaga, Directora del Departamento de Servicio Sociales de la Diputaci\u00f3n Foral de \u00c1lava nos hablar\u00e1n sobre los recursos que ofrecen ambas administraciones en el \u00e1mbito de los servicios sociales dirigidos a las personas mayores.<\/p>\n<p><strong>Fecha<\/strong>: 11 de junio<\/p>\n<p><strong>Horario<\/strong>: 18:00 \u2013 19:30<\/p>\n<p><strong>Idioma<\/strong>: castellano<\/p>\n<p><strong>Lugar<\/strong>: Centro c\u00edvico El Campillo<\/p>\n<p><strong>Dirigido a<\/strong>: ciudadan\u00eda,entidades ciudadanas, asociaciones, fundaciones,\u2026<\/p>\n<p><strong>Colabora<\/strong>: Departamento de pol\u00edticas Sociales<\/p>\n<p><\/p>\n<div style=\"text-align: center\"><a href=\"https:\/\/www.vitoria-gasteiz.org\/j31-01w\/formularioViewer\/create?formularioId=226\" class=\"tribe-events-button\">INSCR\u00cdBETE<\/a><\/div>\n<h4>Inscripciones<\/h4>\n<p>Entrada gratuita previa inscripci\u00f3n. La inscripci\u00f3n puede hacerse v\u00eda <a href=\"https:\/\/www.vitoria-gasteiz.org\/j31-01w\/formularioViewer\/create?formularioId=226\">web<\/a>, llamando al tel\u00e9fono <a href=\"tel:010\" target=\"_blank\" rel=\"external noopener noreferrer\">010<\/a> (<a href=\"tel:+34945161100\" target=\"_blank\" rel=\"external noopener noreferrer\">945 161 100<\/a> si se llama desde fuera del municipio) o de manera presencial en las Oficinas de Atenci\u00f3n Ciudadana<\/p>\n<p>El plazo de inscripci\u00f3n estar\u00e1 abierto a partir del 20 de octubre de 2017. Las plazas de las actividades de la Escuela se adjudican por orden de inscripci\u00f3n.<\/p>\n<p>Si te has inscrito pero finalmente no puedes realizar la actividad, h\u00e1znoslo saber con anterioridad a la fecha del comienzo de la misma, llamando al 945 161687 \/ o en <a href=\"mailto:heieskola@vitoria-gasteiz.org\" target=\"_blank\" rel=\"external noopener noreferrer\">heieskola@vitoria-gasteiz.org<\/a>. La baja en la actividad generar\u00e1 la posibilidad de que otra persona pueda inscribirse en la plaza que dejas libre.<\/p>\n<p>Las actividades que no alcancen un n\u00famero m\u00ednimo de inscripciones podr\u00e1n ser suspendidas.<\/p>\n<p><\/p>","protected":false},"excerpt":{"rendered":"<p>Curso incluido dentro de HEI Escuela Abierta de la Ciudadan\u00eda [&hellip;]<\/p>\n","protected":false},"author":2,"featured_media":0,"comment_status":"closed","ping_status":"closed","template":"","meta":{"_tribe_events_status":"","_tribe_events_status_reason":"","footnotes":""},"tags":[],"tribe_events_cat":[129],"_links":{"self":[{"href":"https:\/\/hei.eus\/es\/wp-json\/wp\/v2\/tribe_events\/18450"}],"collection":[{"href":"https:\/\/hei.eus\/es\/wp-json\/wp\/v2\/tribe_events"}],"about":[{"href":"https:\/\/hei.eus\/es\/wp-json\/wp\/v2\/types\/tribe_events"}],"author":[{"embeddable":true,"href":"https:\/\/hei.eus\/es\/wp-json\/wp\/v2\/users\/2"}],"replies":[{"embeddable":true,"href":"https:\/\/hei.eus\/es\/wp-json\/wp\/v2\/comments?post=18450"}],"version-history":[{"count":0,"href":"https:\/\/hei.eus\/es\/wp-json\/wp\/v2\/tribe_events\/18450\/revisions"}],"wp:attachment":[{"href":"https:\/\/hei.eus\/es\/wp-json\/wp\/v2\/media?parent=18450"}],"wp:term":[{"taxonomy":"post_tag","embeddable":true,"href":"https:\/\/hei.eus\/es\/wp-json\/wp\/v2\/tags?post=18450"},{"taxonomy":"tribe_events_cat","embeddable":true,"href":"https:\/\/hei.eus\/es\/wp-json\/wp\/v2\/tribe_events_cat?post=18450"}],"curies":[{"name":"wp","href":"https:\/\/api.w.org\/{rel}","templated":true}]}}

Atención a las personas mayores en los servicios sociales

<p> <!--ODT--> </p>
<p>Curso incluido dentro de <a href="https://www.vitoria-gasteiz.org/wb021/was/contenidoAction.do?uid=u12aa3e5_1576eff20cf__7e8b&amp;alias=&amp;idioma=es">HEI Escuela Abierta de la Ciudadanía</a></p>
<p><img decoding="async" src="https://www.vitoria-gasteiz.org/docs/wb021/img/gestor/27/91/gi_52791.jpg" alt="" /></p>
<p>Sara Buesa, Directora del Departamento de Políticas Sociales y Salud Pública del Ayuntamiento de Vitoria-Gasteiz y Miren Saratxaga, Directora del Departamento de Servicio Sociales de la Diputación Foral de Álava nos hablarán sobre los recursos que ofrecen ambas administraciones en el ámbito de los servicios sociales dirigidos a las personas mayores.</p>
<p><strong>Fecha</strong>: 11 de junio</p>
<p><strong>Horario</strong>: 18:00 – 19:30</p>
<p><strong>Idioma</strong>: castellano</p>
<p><strong>Lugar</strong>: Centro cívico El Campillo</p>
<p><strong>Dirigido a</strong>: ciudadanía,entidades ciudadanas, asociaciones, fundaciones,…</p>
<p><strong>Colabora</strong>: Departamento de políticas Sociales</p>
<p></p>
<div style="text-align: center"><a href="https://www.vitoria-gasteiz.org/j31-01w/formularioViewer/create?formularioId=226" class="tribe-events-button">INSCRÍBETE</a></div>
<h4>Inscripciones</h4>
<p>Entrada gratuita previa inscripción. La inscripción puede hacerse vía <a href="https://www.vitoria-gasteiz.org/j31-01w/formularioViewer/create?formularioId=226">web</a>, llamando al teléfono <a href="tel:010" target="_blank" rel="external noopener noreferrer">010</a> (<a href="tel:+34945161100" target="_blank" rel="external noopener noreferrer">945 161 100</a> si se llama desde fuera del municipio) o de manera presencial en las Oficinas de Atención Ciudadana</p>
<p>El plazo de inscripción estará abierto a partir del 20 de octubre de 2017. Las plazas de las actividades de la Escuela se adjudican por orden de inscripción.</p>
<p>Si te has inscrito pero finalmente no puedes realizar la actividad, háznoslo saber con anterioridad a la fecha del comienzo de la misma, llamando al 945 161687 / o en <a href="mailto:heieskola@vitoria-gasteiz.org" target="_blank" rel="external noopener noreferrer">heieskola@vitoria-gasteiz.org</a>. La baja en la actividad generará la posibilidad de que otra persona pueda inscribirse en la plaza que dejas libre.</p>
<p>Las actividades que no alcancen un número mínimo de inscripciones podrán ser suspendidas.</p>
<p></p>

<p>Curso incluido dentro de HEI Escuela Abierta de la Ciudadanía [&hellip;]</p>
