{"id":18451,"date":"2019-12-25T07:08:36","date_gmt":"2019-12-25T06:08:36","guid":{"rendered":"https:\/\/hei.eus\/es\/eventos\/inauguracion-del-curso-18-19-de-hei-escuela-abierta-para-la-ciudadania-charla-especie-humana-especie-etica\/"},"modified":"2019-12-31T20:53:26","modified_gmt":"2019-12-31T19:53:26","slug":"inauguracion-del-curso-18-19-de-hei-escuela-abierta-para-la-ciudadania-charla-especie-humana-especie-etica","status":"publish","type":"tribe_events","link":"https:\/\/hei.eus\/es\/eventos\/inauguracion-del-curso-18-19-de-hei-escuela-abierta-para-la-ciudadania-charla-especie-humana-especie-etica\/","title":{"rendered":"Inauguraci\u00f3n del curso 18\/19 de HEI, Escuela Abierta para la Ciudadan\u00eda: charla &#8216;Especie humana: especie \u00e9tica'"},"content":{"rendered":"<p> <!--ODT--> <\/p>\n<p>Curso incluido dentro de <a href=\"https:\/\/www.vitoria-gasteiz.org\/wb021\/was\/contenidoAction.do?uid=u12aa3e5_1576eff20cf__7e8b&amp;alias=&amp;idioma=es\">HEI Escuela Abierta de la Ciudadan\u00eda<\/a><\/p>\n<p><a href=\"https:\/\/www.vitoria-gasteiz.org\/wb021\/was\/contenidoAction.do?id=&amp;uid=u12aa3e5_1576eff20cf__7e6a&amp;idioma=es&amp;nuevaPag=\">Retransmisi\u00f3n en directo<\/a><\/p>\n<p><img decoding=\"async\" src=\"https:\/\/www.vitoria-gasteiz.org\/docs\/wb021\/img\/gestor\/42\/64\/gi_54264.png\" alt=\"\" \/><\/p>\n<p><strong>Fecha<\/strong>: 9 de octubre<\/p>\n<p><strong>Horario<\/strong>: 19:00 \u2013 21:00<\/p>\n<p><strong>Idioma<\/strong>: castellano<\/p>\n<p><strong>Lugar<\/strong>: Palacio de Congresos Europa. Auditorio Francisco de Vitoria.<\/p>\n<p>Entrada con invitaci\u00f3n. Se podr\u00e1n recoger a partir del 2 de octubre en centros c\u00edvicos e instalaciones deportivas<\/p>\n<p>Disponemos de lenguaje y de imaginaci\u00f3n, y ello nos permite, no solo ser buenas personas y cumplir las normas, sino ser personas \u00e9ticas hasta en soledad. Hemos de educar y educarnos en la \u00e9tica, m\u00e1s ahora que pareciera se impone equivocadamente el ser cliente en vez de ciudadano o ciudadana.<\/p>\n<p><strong>Javier Urra<\/strong>. Es psic\u00f3logo forense en la Fiscal\u00eda del Tribunal Superior de Justicia y Juzgados de Menores de Madrid desde 1985 y profesor de \u00c9tica y Deontolog\u00eda en la Universidad Complutense de Madrid. Desde 2007, es, adem\u00e1s, presidente de la Comisi\u00f3n Deontol\u00f3gica del Colegio Oficial de Psic\u00f3logos de Madrid.<\/p>\n<h4>Detalles<\/h4>\n<p>Entrada con invitaci\u00f3n. Se podr\u00e1n recoger a partir del 2 de octubre en los centros c\u00edvicos e instalaciones deportivas<\/p>\n<p>Se retransmitir\u00e1 en directo v\u00eda streaming.<\/p>\n<p>Las Conferencias dispondr\u00e1n de int\u00e9rprete de lenguaje de signos.<\/p>\n<p>Se podr\u00e1 solicitar servicio de guarder\u00eda, con 5 d\u00edas de antelaci\u00f3n a trav\u00e9s del correo electr\u00f3nico heieskola@vitoria-gasteiz.org o en el tel\u00e9fono 945161687.<\/p>\n<p><\/p>","protected":false},"excerpt":{"rendered":"<p>Curso incluido dentro de HEI Escuela Abierta de la Ciudadan\u00eda [&hellip;]<\/p>\n","protected":false},"author":2,"featured_media":0,"comment_status":"closed","ping_status":"closed","template":"","meta":{"_tribe_events_status":"","_tribe_events_status_reason":"","footnotes":""},"tags":[],"tribe_events_cat":[129],"_links":{"self":[{"href":"https:\/\/hei.eus\/es\/wp-json\/wp\/v2\/tribe_events\/18451"}],"collection":[{"href":"https:\/\/hei.eus\/es\/wp-json\/wp\/v2\/tribe_events"}],"about":[{"href":"https:\/\/hei.eus\/es\/wp-json\/wp\/v2\/types\/tribe_events"}],"author":[{"embeddable":true,"href":"https:\/\/hei.eus\/es\/wp-json\/wp\/v2\/users\/2"}],"replies":[{"embeddable":true,"href":"https:\/\/hei.eus\/es\/wp-json\/wp\/v2\/comments?post=18451"}],"version-history":[{"count":0,"href":"https:\/\/hei.eus\/es\/wp-json\/wp\/v2\/tribe_events\/18451\/revisions"}],"wp:attachment":[{"href":"https:\/\/hei.eus\/es\/wp-json\/wp\/v2\/media?parent=18451"}],"wp:term":[{"taxonomy":"post_tag","embeddable":true,"href":"https:\/\/hei.eus\/es\/wp-json\/wp\/v2\/tags?post=18451"},{"taxonomy":"tribe_events_cat","embeddable":true,"href":"https:\/\/hei.eus\/es\/wp-json\/wp\/v2\/tribe_events_cat?post=18451"}],"curies":[{"name":"wp","href":"https:\/\/api.w.org\/{rel}","templated":true}]}}

Inauguración del curso 18/19 de HEI, Escuela Abierta para la Ciudadanía: charla &#8216;Especie humana: especie ética'

<p> <!--ODT--> </p>
<p>Curso incluido dentro de <a href="https://www.vitoria-gasteiz.org/wb021/was/contenidoAction.do?uid=u12aa3e5_1576eff20cf__7e8b&amp;alias=&amp;idioma=es">HEI Escuela Abierta de la Ciudadanía</a></p>
<p><a href="https://www.vitoria-gasteiz.org/wb021/was/contenidoAction.do?id=&amp;uid=u12aa3e5_1576eff20cf__7e6a&amp;idioma=es&amp;nuevaPag=">Retransmisión en directo</a></p>
<p><img decoding="async" src="https://www.vitoria-gasteiz.org/docs/wb021/img/gestor/42/64/gi_54264.png" alt="" /></p>
<p><strong>Fecha</strong>: 9 de octubre</p>
<p><strong>Horario</strong>: 19:00 – 21:00</p>
<p><strong>Idioma</strong>: castellano</p>
<p><strong>Lugar</strong>: Palacio de Congresos Europa. Auditorio Francisco de Vitoria.</p>
<p>Entrada con invitación. Se podrán recoger a partir del 2 de octubre en centros cívicos e instalaciones deportivas</p>
<p>Disponemos de lenguaje y de imaginación, y ello nos permite, no solo ser buenas personas y cumplir las normas, sino ser personas éticas hasta en soledad. Hemos de educar y educarnos en la ética, más ahora que pareciera se impone equivocadamente el ser cliente en vez de ciudadano o ciudadana.</p>
<p><strong>Javier Urra</strong>. Es psicólogo forense en la Fiscalía del Tribunal Superior de Justicia y Juzgados de Menores de Madrid desde 1985 y profesor de Ética y Deontología en la Universidad Complutense de Madrid. Desde 2007, es, además, presidente de la Comisión Deontológica del Colegio Oficial de Psicólogos de Madrid.</p>
<h4>Detalles</h4>
<p>Entrada con invitación. Se podrán recoger a partir del 2 de octubre en los centros cívicos e instalaciones deportivas</p>
<p>Se retransmitirá en directo vía streaming.</p>
<p>Las Conferencias dispondrán de intérprete de lenguaje de signos.</p>
<p>Se podrá solicitar servicio de guardería, con 5 días de antelación a través del correo electrónico heieskola@vitoria-gasteiz.org o en el teléfono 945161687.</p>
<p></p>

<p>Curso incluido dentro de HEI Escuela Abierta de la Ciudadanía [&hellip;]</p>
