{"id":18501,"date":"2019-12-25T07:10:13","date_gmt":"2019-12-25T06:10:13","guid":{"rendered":"https:\/\/hei.eus\/es\/eventos\/hei-eventos-el-espejismo-de-la-mayoria\/"},"modified":"2020-09-30T12:27:34","modified_gmt":"2020-09-30T10:27:34","slug":"hei-eventos-el-espejismo-de-la-mayoria","status":"publish","type":"tribe_events","link":"https:\/\/hei.eus\/es\/eventos\/hei-eventos-el-espejismo-de-la-mayoria\/","title":{"rendered":"HEI EVENTOS: conferencia &#8216;El espejismo de la mayor\u00eda&#8217; con Eduardo Sa\u00e9nz de Cabez\u00f3n"},"content":{"rendered":"<p><!--ODT--><\/p>\n<p><a href=\"http:\/\/www.vitoria-gasteiz.org\/we001\/was\/we001Action.do?idioma=es&amp;nuevaPag=&amp;uid=u12aa3e5_1576eff20cf__7e6a&amp;aplicacion=wb021&amp;id=&amp;tabla=contenido\">Retransmisi&#243;n en directo<\/a><\/p>\n<p><a href=\"https:\/\/www.youtube.com\/watch?v=NSSZ7F0KY-0\" target=\"_blank\" rel=\"external noopener noreferrer\">https:\/\/www.youtube.com\/watch?v=NSSZ7F0KY-0(Se abre en una ventana nueva)<\/a><\/p>\n<p><strong>Lugar:<\/strong> Palacio de Congresos Europa. <\/p>\n<p><strong>Entrada con invitaci&#243;n.<\/strong> Se podr&#225;n recoger a partir del 2 de enero de 2020 en los centros c&#237;vicos e instalaciones deportivas<\/p>\n<h4>El espejismo de la mayor&#237;a<\/h4>\n<p>En grupos organizados o sistemas complejos (como puede ser un hormiguero, una poblaci&#243;n o una red social) surgen lo que llamamos &quot;propiedades emergentes&quot;, que son algo m&#225;s que la suma de las capacidades de cada individuo, por ejemplo eso que llamamos &quot;inteligencia colectiva&quot;, pero.. &#191;son esas propiedades siempre positivas, o puede ser que estemos atrapados en nuestra propia red? En esta charla trataremos de hacer una mirada sobre nuestra propia sociedad con ayuda de un aliado insospechado: las matem&#225;ticas.<\/p>\n<h5>Eduardo Sa&#233;nz de Cabez&#243;n @edusadeci <\/h5>\n<p>Eduardo S&#225;enz de Cabez&#243;n (Logro&#241;o, 1972) es doctor en Matem&#225;ticas, a las que dedica sus esfuerzos en labores de docencia, investigaci&#243;n y divulgaci&#243;n. Desde el a&#241;o 2001 es profesor en el Departamento de Matem&#225;ticas y Computaci&#243;n de la Universidad de La Rioja. Desarrolla su investigaci&#243;n en el &#225;rea del &#225;lgebra computacional, a la que ha contribuido con numerosos art&#237;culos de investigaci&#243;n y colaboraciones con matem&#225;ticos espa&#241;oles y europeos. Realiza una intensa labor de divulgaci&#243;n de las matem&#225;ticas mediante conferencias, espect&#225;culos, charlas y talleres que han disfrutado miles de personas de todas las edades y por todo el mundo. Ganador del concurso de mon&#243;logos cient&#237;ficos FameLab en 2013, y miembro fundador del grupo Big Van Cient&#237;ficos Sobre Ruedas, presenta en YouTube el canal &#171;Derivando&#187;, dedicado a las matem&#225;ticas y su disfrute. <\/p>\n<h4>M&#225;s informaci&#243;n<\/h4>\n<p><strong>Entrada con invitaci&#243;n.<\/strong> Se podr&#225;n recoger a partir del 2 de enero de 2020 en los centros c&#237;vicos e instalaciones deportivas<\/p>\n<p>Las Conferencias dispondr&#225;n de int&#233;rprete de lenguaje de signos.<\/p>\n<p>Se podr&#225; solicitar ludoteca para txikis, atenci&#243;n domiciliaria a personas dependientes, con 5 d&#237;as de antelaci&#243;n a trav&#233;s del correo electr&#243;nico heieskola@vitoria-gasteiz.org o en el tel&#233;fono 945161687.<\/p>\n<p>Curso incluido dentro de <a href=\"http:\/\/www.vitoria-gasteiz.org\/we001\/was\/we001Action.do?idioma=es&amp;aplicacion=wb021&amp;tabla=contenido&amp;uid=u12aa3e5_1576eff20cf__7e8b&amp;alias\">HEI Escuela Abierta de la Ciudadan&#237;a<\/a><\/p>\n<p><\/p>","protected":false},"excerpt":{"rendered":"<p>Retransmisi&#243;n en directo https:\/\/www.youtube.com\/watch?v=NSSZ7F0KY-0(Se abre en una ventana nueva) Lugar: [&hellip;]<\/p>\n","protected":false},"author":3,"featured_media":0,"comment_status":"closed","ping_status":"closed","template":"","meta":{"_tribe_events_status":"","_tribe_events_status_reason":"","footnotes":""},"tags":[],"tribe_events_cat":[129],"_links":{"self":[{"href":"https:\/\/hei.eus\/es\/wp-json\/wp\/v2\/tribe_events\/18501"}],"collection":[{"href":"https:\/\/hei.eus\/es\/wp-json\/wp\/v2\/tribe_events"}],"about":[{"href":"https:\/\/hei.eus\/es\/wp-json\/wp\/v2\/types\/tribe_events"}],"author":[{"embeddable":true,"href":"https:\/\/hei.eus\/es\/wp-json\/wp\/v2\/users\/3"}],"replies":[{"embeddable":true,"href":"https:\/\/hei.eus\/es\/wp-json\/wp\/v2\/comments?post=18501"}],"version-history":[{"count":0,"href":"https:\/\/hei.eus\/es\/wp-json\/wp\/v2\/tribe_events\/18501\/revisions"}],"wp:attachment":[{"href":"https:\/\/hei.eus\/es\/wp-json\/wp\/v2\/media?parent=18501"}],"wp:term":[{"taxonomy":"post_tag","embeddable":true,"href":"https:\/\/hei.eus\/es\/wp-json\/wp\/v2\/tags?post=18501"},{"taxonomy":"tribe_events_cat","embeddable":true,"href":"https:\/\/hei.eus\/es\/wp-json\/wp\/v2\/tribe_events_cat?post=18501"}],"curies":[{"name":"wp","href":"https:\/\/api.w.org\/{rel}","templated":true}]}}

HEI EVENTOS: conferencia &#8216;El espejismo de la mayoría&#8217; con Eduardo Saénz de Cabezón
