{"id":18505,"date":"2019-12-25T07:10:21","date_gmt":"2019-12-25T06:10:21","guid":{"rendered":"https:\/\/hei.eus\/es\/eventos\/cineforum-entre3-proyeccion-de-la-pelicula-aves-de-paso\/"},"modified":"2020-09-30T12:28:17","modified_gmt":"2020-09-30T10:28:17","slug":"cineforum-entre3-proyeccion-de-la-pelicula-aves-de-paso","status":"publish","type":"tribe_events","link":"https:\/\/hei.eus\/es\/eventos\/cineforum-entre3-proyeccion-de-la-pelicula-aves-de-paso\/","title":{"rendered":"Cinef\u00f3rum Entre3: proyecci\u00f3n de la pel\u00edcula  &#8216;Aves de Paso&#8217; &#8211; SUSPENDIDO"},"content":{"rendered":"<p><!--ODT--><\/p>\n<h4>Descripci&#243;n<\/h4>\n<p><img decoding=\"async\" src=\"https:\/\/www.vitoria-gasteiz.org\/docs\/wb021\/img\/gestor\/97\/02\/gi_59702.png\" alt=\"Cartel de la pel&#237;cula AVES DE PASO\" class=\"pull-right\" \/><\/p>\n<p><strong>Lugar:<\/strong> Cines Florida, sala 4<\/p>\n<p><strong>Idioma del cinef&#243;rum: <\/strong>Euskera y castellano<\/p>\n<p><strong>Idioma de la pel&#237;cula:<\/strong> Versi&#243;n original euskera, franc&#233;s y castellano con subt&#237;tulos castellano<\/p>\n<p><strong>A&#241;o:<\/strong> 2018<\/p>\n<p><strong>Duraci&#243;n:<\/strong> 77 min.<\/p>\n<p><strong>Pa&#237;s:<\/strong> Euskadi<\/p>\n<p><strong>Direcci&#243;n:<\/strong> Juanmi Guti&#233;rrez<\/p>\n<p><strong>Gui&#243;n:<\/strong> Juanmi Guti&#233;rrez<\/p>\n<p><strong>Producci&#243;n:<\/strong> Kany Pe&#241;alba, Zazpi t&#8217;erdi<\/p>\n<p><strong>Narraci&#243;n: <\/strong>Itziar G&#243;mez, Aines Arizmendi, Oier Guillan<\/p>\n<p><strong>G&#233;nero: <\/strong>Documental<\/p>\n<p><strong>Tem&#225;tica: <\/strong>Redes ciudadanas de apoyo a migrantes<\/p>\n<p><strong>Sinopsis:<\/strong><\/p>\n<p>Todo comenz&#243; en el mes de julio de 2018. Grupos de migrantes procedentes de &#193;frica que intentaban cruzar la frontera con Francia comenzaron a llegar a la estaci&#243;n de tren de Ir&#250;n. Dorm&#237;an en la calle. Las ONGs que operaban en el pueblo consiguieron que los movimientos okupas reaccionaran cediendo sus locales. Esta oleada generosa contagi&#243; al pueblo de Ir&#250;n.<\/p>\n<p><strong>Premios:<\/strong><\/p>\n<p>2019 Festival de Cine y Derechos Humanos de San Sebasti&#225;n.<\/p>\n<p>2019 Festival Internacional de Cinema Social de Catalunya<\/p>\n<h4>Detalles de la actividad<\/h4>\n<p>Entrada con invitaci&#243;n. Se podr&#225;n recoger a partir del 26 de febrero en los centros c&#237;vicos e instalaciones deportivas. <\/p>\n<p>Si necesitas el servicio de guarder&#237;a o int&#233;rprete de lengua de signos h&#225;znoslo saber con 5 d&#237;as de antelaci&#243;n, por tel&#233;fono 945 161687 o por e-mail heieskola@vitoria-gasteiz.org<\/p>\n<p>Esta actividad est&#225; enmarcada en <a href=\"https:\/\/www.vitoria-gasteiz.org\/wb021\/was\/contenidoAction.do?idioma=es&amp;uid=u12aa3e5_1576eff20cf__7e8b\">HEI-Escuela abierta de la ciudadan&#237;a<\/a> y en la <a href=\"https:\/\/www.vitoria-gasteiz.org\/wb021\/was\/contenidoAction.do?idioma=es&amp;uid=u_4871573f_1323cfe44bd__7f9c\">Escuela para el Empoderamiento Feminista<\/a> y en el <a href=\"https:\/\/www.vitoria-gasteiz.org\/wb021\/was\/contenidoAction.do?idioma=es&amp;uid=u12aa3e5_1576eff20cf__7d7d\">Programa Aprender a Convivir<\/a>. <\/p>\n<p><\/p>","protected":false},"excerpt":{"rendered":"<p>Descripci&#243;n Lugar: Cines Florida, sala 4 Idioma del cinef&#243;rum: Euskera [&hellip;]<\/p>\n","protected":false},"author":3,"featured_media":0,"comment_status":"closed","ping_status":"closed","template":"","meta":{"_tribe_events_status":"","_tribe_events_status_reason":"","footnotes":""},"tags":[],"tribe_events_cat":[129],"_links":{"self":[{"href":"https:\/\/hei.eus\/es\/wp-json\/wp\/v2\/tribe_events\/18505"}],"collection":[{"href":"https:\/\/hei.eus\/es\/wp-json\/wp\/v2\/tribe_events"}],"about":[{"href":"https:\/\/hei.eus\/es\/wp-json\/wp\/v2\/types\/tribe_events"}],"author":[{"embeddable":true,"href":"https:\/\/hei.eus\/es\/wp-json\/wp\/v2\/users\/3"}],"replies":[{"embeddable":true,"href":"https:\/\/hei.eus\/es\/wp-json\/wp\/v2\/comments?post=18505"}],"version-history":[{"count":0,"href":"https:\/\/hei.eus\/es\/wp-json\/wp\/v2\/tribe_events\/18505\/revisions"}],"wp:attachment":[{"href":"https:\/\/hei.eus\/es\/wp-json\/wp\/v2\/media?parent=18505"}],"wp:term":[{"taxonomy":"post_tag","embeddable":true,"href":"https:\/\/hei.eus\/es\/wp-json\/wp\/v2\/tags?post=18505"},{"taxonomy":"tribe_events_cat","embeddable":true,"href":"https:\/\/hei.eus\/es\/wp-json\/wp\/v2\/tribe_events_cat?post=18505"}],"curies":[{"name":"wp","href":"https:\/\/api.w.org\/{rel}","templated":true}]}}

Cinefórum Entre3: proyección de la película  &#8216;Aves de Paso&#8217; &#8211; SUSPENDIDO
