{"id":20503,"date":"2019-12-26T18:33:26","date_gmt":"2019-12-26T17:33:26","guid":{"rendered":"https:\/\/hei.eus\/es\/eventos\/hei-asociaciones-como-mejorar-la-comunicacion-de-tu-asociacion\/"},"modified":"2020-09-30T12:28:14","modified_gmt":"2020-09-30T10:28:14","slug":"hei-asociaciones-como-mejorar-la-comunicacion-de-tu-asociacion","status":"publish","type":"tribe_events","link":"https:\/\/hei.eus\/es\/eventos\/hei-asociaciones-como-mejorar-la-comunicacion-de-tu-asociacion\/","title":{"rendered":"HEI ASOCIACIONES: C\u00f3mo mejorar la comunicaci\u00f3n de tu asociaci\u00f3n"},"content":{"rendered":"<p><!--ODT--><\/p>\n<p>Ciclo formativo dirigido a asociaciones y\/o colectivos donde trabajar de manera pr&#225;ctica aspectos relevantes para mejorar la comunicaci&#243;n de tu asociaci&#243;n.<\/p>\n<h4>Informaci&#243;n<\/h4>\n<p><strong>D&#237;as: <\/strong>6, 13 y 27 de marzo.<\/p>\n<p><strong>Horario: <\/strong>9:30-12.30<\/p>\n<p><strong>Idioma:<\/strong> castellano<\/p>\n<p><strong>Lugar:<\/strong> Saregune. Cant&#243;n de Santa Mar&#237;a, 4. <\/p>\n<p><strong>Dirigido a:<\/strong> entidades ciudadanas, asociaciones, fundaciones,&#8230; <\/p>\n<p><strong>Colabora:<\/strong> Saregune de la asociaci&#243;n Sartu &#193;lava<\/p>\n<p><strong>Inscripci&#243;n:<\/strong> Entrada gratuita previa <a href=\"https:\/\/www.vitoria-gasteiz.org\/j31-01w\/formularioViewer\/create?formularioId=340\">inscripci&#243;n<\/a>.<\/p>\n<h4>Programa<\/h4>\n<h5>6 de marzo: Pautas de dise&#241;o para nuestro d&#237;a a d&#237;a <\/h5>\n<p>Si te toca hacer los carteles de la asociaci&#243;n &#161;este es tu taller! Aprende a manejar algunas herramientas r&#225;pidas de dise&#241;o y conoce algunas pautas clave para elaborar tus carteles.<\/p>\n<h5>13 de marzo: Herramientas de comunicaci&#243;n para nuestra asociaci&#243;n <\/h5>\n<p>Sabemos la importancia de comunicar todo lo que hacemos pero no siempre sabemos c&#243;mo<\/p>\n<p>hacerlo. Existen canales de informaci&#243;n y difusi&#243;n para nuestra actividad que no son los<\/p>\n<p>habituales, &#191;los conoces?<\/p>\n<h5>27 de marzo: Recursos y claves para mejorar en tus redes sociales <\/h5>\n<p>Las redes sociales son un mundo, Twitter, Facebook, Instagram&#8230; &#191;cu&#225;l es la mejor? Es importante conocer sus opciones y posibilidades para poder coordinar y programar contenido en todas ellas y con contenidos atractivos.<\/p>\n<p><\/p>\n<div style=\"text-align: center\"><a href=\"https:\/\/www.vitoria-gasteiz.org\/j31-01w\/formularioViewer\/create?formularioId=340\" class=\"tribe-events-button\">INSCR\u00cdBETE<\/a><\/div>\n<h4>M&#225;s informaci&#243;n<\/h4>\n<p>Entrada gratuita previa inscripci&#243;n. La inscripci&#243;n puede hacerse v&#237;a <a href=\"https:\/\/www.vitoria-gasteiz.org\/j31-01w\/formularioViewer\/create?formularioId=340\">web,<\/a> llamando al tel&#233;fono <a href=\"tel:010\" target=\"_blank\" rel=\"external noopener noreferrer\">010<\/a> (<a href=\"tel:+34945161100\" target=\"_blank\" rel=\"external noopener noreferrer\">945 161 100<\/a> si se llama desde fuera del municipio) o de manera presencial en las Oficinas de Atenci&#243;n Ciudadana<\/p>\n<p>El plazo de inscripci&#243;n estar&#225; abierto a partir del 2 de octubre de 2018 Las plazas de las actividades de la Escuela se adjudican por orden de inscripci&#243;n.<\/p>\n<p>Si te has inscrito pero finalmente no puedes realizar la actividad, h&#225;znoslo saber con anterioridad a la fecha del comienzo de la misma, llamando al 945 161687 \/ o en heieskola@vitoria-gasteiz.org. La baja en la actividad generar&#225; la posibilidad de que otra persona pueda inscribirse en la plaza que dejas libre.<\/p>\n<p>Se podr&#225; solicitar servicio de guarder&#237;a e int&#233;rprete de lengua de signos, con 5 d&#237;as de antelaci&#243;n a trav&#233;s del correo electr&#243;nico <a href=\"mailto:heieskola@vitoriagasteiz\" target=\"_blank\" rel=\"external noopener noreferrer\">heieskola@vitoriagasteiz.org<\/a> o en el tel&#233;fono 945 16 16 87.<\/p>\n<p>Las actividades que no alcancen un n&#250;mero m&#237;nimo de inscripciones podr&#225;n ser suspendidas.<\/p>\n<p>Curso incluido dentro de <a href=\"http:\/\/www.vitoria-gasteiz.org\/we001\/was\/we001Action.do?idioma=es&amp;aplicacion=wb021&amp;tabla=contenido&amp;uid=u12aa3e5_1576eff20cf__7e8b&amp;alias\">HEI Escuela Abierta de la Ciudadan&#237;a<\/a><\/p>\n<p><\/p>","protected":false},"excerpt":{"rendered":"<p>Ciclo formativo dirigido a asociaciones y\/o colectivos donde trabajar de [&hellip;]<\/p>\n","protected":false},"author":3,"featured_media":0,"comment_status":"closed","ping_status":"closed","template":"","meta":{"_tribe_events_status":"","_tribe_events_status_reason":"","footnotes":""},"tags":[],"tribe_events_cat":[132],"_links":{"self":[{"href":"https:\/\/hei.eus\/es\/wp-json\/wp\/v2\/tribe_events\/20503"}],"collection":[{"href":"https:\/\/hei.eus\/es\/wp-json\/wp\/v2\/tribe_events"}],"about":[{"href":"https:\/\/hei.eus\/es\/wp-json\/wp\/v2\/types\/tribe_events"}],"author":[{"embeddable":true,"href":"https:\/\/hei.eus\/es\/wp-json\/wp\/v2\/users\/3"}],"replies":[{"embeddable":true,"href":"https:\/\/hei.eus\/es\/wp-json\/wp\/v2\/comments?post=20503"}],"version-history":[{"count":0,"href":"https:\/\/hei.eus\/es\/wp-json\/wp\/v2\/tribe_events\/20503\/revisions"}],"wp:attachment":[{"href":"https:\/\/hei.eus\/es\/wp-json\/wp\/v2\/media?parent=20503"}],"wp:term":[{"taxonomy":"post_tag","embeddable":true,"href":"https:\/\/hei.eus\/es\/wp-json\/wp\/v2\/tags?post=20503"},{"taxonomy":"tribe_events_cat","embeddable":true,"href":"https:\/\/hei.eus\/es\/wp-json\/wp\/v2\/tribe_events_cat?post=20503"}],"curies":[{"name":"wp","href":"https:\/\/api.w.org\/{rel}","templated":true}]}}

HEI ASOCIACIONES: Cómo mejorar la comunicación de tu asociación

<p><!--ODT--></p>
<p>Ciclo formativo dirigido a asociaciones y/o colectivos donde trabajar de manera pr&#225;ctica aspectos relevantes para mejorar la comunicaci&#243;n de tu asociaci&#243;n.</p>
<h4>Informaci&#243;n</h4>
<p><strong>D&#237;as: </strong>6, 13 y 27 de marzo.</p>
<p><strong>Horario: </strong>9:30-12.30</p>
<p><strong>Idioma:</strong> castellano</p>
<p><strong>Lugar:</strong> Saregune. Cant&#243;n de Santa Mar&#237;a, 4. </p>
<p><strong>Dirigido a:</strong> entidades ciudadanas, asociaciones, fundaciones,&#8230; </p>
<p><strong>Colabora:</strong> Saregune de la asociaci&#243;n Sartu &#193;lava</p>
<p><strong>Inscripci&#243;n:</strong> Entrada gratuita previa <a href="https://www.vitoria-gasteiz.org/j31-01w/formularioViewer/create?formularioId=340">inscripci&#243;n</a>.</p>
<h4>Programa</h4>
<h5>6 de marzo: Pautas de dise&#241;o para nuestro d&#237;a a d&#237;a </h5>
<p>Si te toca hacer los carteles de la asociaci&#243;n &#161;este es tu taller! Aprende a manejar algunas herramientas r&#225;pidas de dise&#241;o y conoce algunas pautas clave para elaborar tus carteles.</p>
<h5>13 de marzo: Herramientas de comunicaci&#243;n para nuestra asociaci&#243;n </h5>
<p>Sabemos la importancia de comunicar todo lo que hacemos pero no siempre sabemos c&#243;mo</p>
<p>hacerlo. Existen canales de informaci&#243;n y difusi&#243;n para nuestra actividad que no son los</p>
<p>habituales, &#191;los conoces?</p>
<h5>27 de marzo: Recursos y claves para mejorar en tus redes sociales </h5>
<p>Las redes sociales son un mundo, Twitter, Facebook, Instagram&#8230; &#191;cu&#225;l es la mejor? Es importante conocer sus opciones y posibilidades para poder coordinar y programar contenido en todas ellas y con contenidos atractivos.</p>
<p></p>
<div style="text-align: center"><a href="https://www.vitoria-gasteiz.org/j31-01w/formularioViewer/create?formularioId=340" class="tribe-events-button">INSCRÍBETE</a></div>
<h4>M&#225;s informaci&#243;n</h4>
<p>Entrada gratuita previa inscripci&#243;n. La inscripci&#243;n puede hacerse v&#237;a <a href="https://www.vitoria-gasteiz.org/j31-01w/formularioViewer/create?formularioId=340">web,</a> llamando al tel&#233;fono <a href="tel:010" target="_blank" rel="external noopener noreferrer">010</a> (<a href="tel:+34945161100" target="_blank" rel="external noopener noreferrer">945 161 100</a> si se llama desde fuera del municipio) o de manera presencial en las Oficinas de Atenci&#243;n Ciudadana</p>
<p>El plazo de inscripci&#243;n estar&#225; abierto a partir del 2 de octubre de 2018 Las plazas de las actividades de la Escuela se adjudican por orden de inscripci&#243;n.</p>
<p>Si te has inscrito pero finalmente no puedes realizar la actividad, h&#225;znoslo saber con anterioridad a la fecha del comienzo de la misma, llamando al 945 161687 / o en heieskola@vitoria-gasteiz.org. La baja en la actividad generar&#225; la posibilidad de que otra persona pueda inscribirse en la plaza que dejas libre.</p>
<p>Se podr&#225; solicitar servicio de guarder&#237;a e int&#233;rprete de lengua de signos, con 5 d&#237;as de antelaci&#243;n a trav&#233;s del correo electr&#243;nico <a href="mailto:heieskola@vitoriagasteiz" target="_blank" rel="external noopener noreferrer">heieskola@vitoriagasteiz.org</a> o en el tel&#233;fono 945 16 16 87.</p>
<p>Las actividades que no alcancen un n&#250;mero m&#237;nimo de inscripciones podr&#225;n ser suspendidas.</p>
<p>Curso incluido dentro de <a href="http://www.vitoria-gasteiz.org/we001/was/we001Action.do?idioma=es&amp;aplicacion=wb021&amp;tabla=contenido&amp;uid=u12aa3e5_1576eff20cf__7e8b&amp;alias">HEI Escuela Abierta de la Ciudadan&#237;a</a></p>
<p></p>
