{"id":284070,"date":"2020-09-02T07:56:26","date_gmt":"2020-09-02T05:56:26","guid":{"rendered":"https:\/\/hei.eus\/es\/eventos\/vitoria-gasteiz-y-el-arte\/"},"modified":"2020-09-30T12:26:24","modified_gmt":"2020-09-30T10:26:24","slug":"vitoria-gasteiz-y-el-arte","status":"publish","type":"tribe_events","link":"https:\/\/hei.eus\/es\/eventos\/vitoria-gasteiz-y-el-arte\/","title":{"rendered":"Vitoria-Gasteiz y el arte"},"content":{"rendered":"<p> <!--ODT--> <\/p>\n<p>Curso incluido dentro de <a href=\"https:\/\/www.vitoria-gasteiz.org\/wb021\/was\/contenidoAction.do?uid=u12aa3e5_1576eff20cf__7e8b&amp;alias=&amp;idioma=es\">HEI Escuela Abierta de la Ciudadan\u00eda<\/a><\/p>\n<p><strong><img decoding=\"async\" src=\"https:\/\/www.vitoria-gasteiz.org\/docs\/wb021\/img\/gestor\/53\/44\/gi_55344.jpg\" alt=\"\" \/><\/strong><\/p>\n<p><strong>Fecha<\/strong>: 7 de marzo<\/p>\n<p><strong>Horario<\/strong>: 18:00 \u2013 19:30<\/p>\n<p><strong>Idioma<\/strong>: castellano<\/p>\n<p><strong>Lugar<\/strong>: El Campillo<\/p>\n<p><strong>Dirigido a<\/strong>: ciudadan\u00eda<\/p>\n<p><strong>Ponentes<\/strong>: I\u00f1aki Jimenez y Juan Antonio Z\u00e1rate.<\/p>\n<p>Entrada gratuita previa inscripci\u00f3n (plazas:30)<\/p>\n<p>\u00bfCu\u00e1l es el edificio rom\u00e1nico m\u00e1s importante de la ciudad? \u00bfQu\u00e9 riquezas albergan nuestras parroquias vitorianas? \u00bfQu\u00e9 se puede ver en el museo de armas? \u00bfCu\u00e1l es la obra m\u00e1s destacada del museo de artes? \u00bfTodo los que hay en el museo de arte sacro pertenece a la provincia de \u00c1lava? \u00bfDesde cu\u00e1ndo est\u00e1 funcionando el museo de arte moderno Artium?<\/p>\n<p><\/p>\n<div style=\"text-align: center\"><a href=\"https:\/\/www.vitoria-gasteiz.org\/j31-01w\/formularioViewer\/create?formularioId=265\" class=\"tribe-events-button\">INSCR\u00cdBETE<\/a><\/div>\n<h4>Inscripciones<\/h4>\n<p>Entrada gratuita previa inscripci\u00f3n. La inscripci\u00f3n puede hacerse v\u00eda <a href=\"https:\/\/www.vitoria-gasteiz.org\/j31-01w\/formularioViewer\/create?formularioId=265\">web<\/a>, llamando al tel\u00e9fono <a href=\"tel:010\" target=\"_blank\" rel=\"external noopener noreferrer\">010<\/a> (<a href=\"tel:+34945161100\" target=\"_blank\" rel=\"external noopener noreferrer\">945 161 100<\/a> si se llama desde fuera del municipio) o de manera presencial en las Oficinas de Atenci\u00f3n Ciudadana<\/p>\n<p>El plazo de inscripci\u00f3n estar\u00e1 abierto a partir del 2 de octubre de 2018. Las plazas de las actividades de la Escuela se adjudican por orden de inscripci\u00f3n.<\/p>\n<p>Si te has inscrito pero finalmente no puedes realizar la actividad, h\u00e1znoslo saber con anterioridad a la fecha del comienzo de la misma, llamando al 945 161687 \/ o en <a href=\"mailto:heieskola@vitoria-gasteiz.org\" target=\"_blank\" rel=\"external noopener noreferrer\">heieskola@vitoria-gasteiz.org<\/a>. La baja en la actividad generar\u00e1 la posibilidad de que otra persona pueda inscribirse en la plaza que dejas libre.<\/p>\n<p>Se podr\u00e1 solicitar servicio de guarder\u00eda e int\u00e9rprete de lengua de signos, con 5 d\u00edas de antelaci\u00f3n a trav\u00e9s del correo electr\u00f3nico <a href=\"mailto:heieskola@vitoriagasteiz\" target=\"_blank\" rel=\"external noopener noreferrer\">heieskola@vitoriagasteiz.org<\/a> o en el tel\u00e9fono 945 16 16 87.<\/p>\n<p>Las actividades que no alcancen un n\u00famero m\u00ednimo de inscripciones podr\u00e1n ser suspendidas.<\/p>\n<p><\/p>","protected":false},"excerpt":{"rendered":"<p>Curso incluido dentro de HEI Escuela Abierta de la Ciudadan\u00eda [&hellip;]<\/p>\n","protected":false},"author":3,"featured_media":0,"comment_status":"closed","ping_status":"closed","template":"","meta":{"_tribe_events_status":"","_tribe_events_status_reason":"","footnotes":""},"tags":[],"tribe_events_cat":[129],"_links":{"self":[{"href":"https:\/\/hei.eus\/es\/wp-json\/wp\/v2\/tribe_events\/284070"}],"collection":[{"href":"https:\/\/hei.eus\/es\/wp-json\/wp\/v2\/tribe_events"}],"about":[{"href":"https:\/\/hei.eus\/es\/wp-json\/wp\/v2\/types\/tribe_events"}],"author":[{"embeddable":true,"href":"https:\/\/hei.eus\/es\/wp-json\/wp\/v2\/users\/3"}],"replies":[{"embeddable":true,"href":"https:\/\/hei.eus\/es\/wp-json\/wp\/v2\/comments?post=284070"}],"version-history":[{"count":0,"href":"https:\/\/hei.eus\/es\/wp-json\/wp\/v2\/tribe_events\/284070\/revisions"}],"wp:attachment":[{"href":"https:\/\/hei.eus\/es\/wp-json\/wp\/v2\/media?parent=284070"}],"wp:term":[{"taxonomy":"post_tag","embeddable":true,"href":"https:\/\/hei.eus\/es\/wp-json\/wp\/v2\/tags?post=284070"},{"taxonomy":"tribe_events_cat","embeddable":true,"href":"https:\/\/hei.eus\/es\/wp-json\/wp\/v2\/tribe_events_cat?post=284070"}],"curies":[{"name":"wp","href":"https:\/\/api.w.org\/{rel}","templated":true}]}}

<p> <!--ODT--> </p>
<p>Curso incluido dentro de <a href="https://www.vitoria-gasteiz.org/wb021/was/contenidoAction.do?uid=u12aa3e5_1576eff20cf__7e8b&amp;alias=&amp;idioma=es">HEI Escuela Abierta de la Ciudadanía</a></p>
<p><strong><img decoding="async" src="https://www.vitoria-gasteiz.org/docs/wb021/img/gestor/53/44/gi_55344.jpg" alt="" /></strong></p>
<p><strong>Fecha</strong>: 7 de marzo</p>
<p><strong>Horario</strong>: 18:00 – 19:30</p>
<p><strong>Idioma</strong>: castellano</p>
<p><strong>Lugar</strong>: El Campillo</p>
<p><strong>Dirigido a</strong>: ciudadanía</p>
<p><strong>Ponentes</strong>: Iñaki Jimenez y Juan Antonio Zárate.</p>
<p>Entrada gratuita previa inscripción (plazas:30)</p>
<p>¿Cuál es el edificio románico más importante de la ciudad? ¿Qué riquezas albergan nuestras parroquias vitorianas? ¿Qué se puede ver en el museo de armas? ¿Cuál es la obra más destacada del museo de artes? ¿Todo los que hay en el museo de arte sacro pertenece a la provincia de Álava? ¿Desde cuándo está funcionando el museo de arte moderno Artium?</p>
<p></p>
<div style="text-align: center"><a href="https://www.vitoria-gasteiz.org/j31-01w/formularioViewer/create?formularioId=265" class="tribe-events-button">INSCRÍBETE</a></div>
<h4>Inscripciones</h4>
<p>Entrada gratuita previa inscripción. La inscripción puede hacerse vía <a href="https://www.vitoria-gasteiz.org/j31-01w/formularioViewer/create?formularioId=265">web</a>, llamando al teléfono <a href="tel:010" target="_blank" rel="external noopener noreferrer">010</a> (<a href="tel:+34945161100" target="_blank" rel="external noopener noreferrer">945 161 100</a> si se llama desde fuera del municipio) o de manera presencial en las Oficinas de Atención Ciudadana</p>
<p>El plazo de inscripción estará abierto a partir del 2 de octubre de 2018. Las plazas de las actividades de la Escuela se adjudican por orden de inscripción.</p>
<p>Si te has inscrito pero finalmente no puedes realizar la actividad, háznoslo saber con anterioridad a la fecha del comienzo de la misma, llamando al 945 161687 / o en <a href="mailto:heieskola@vitoria-gasteiz.org" target="_blank" rel="external noopener noreferrer">heieskola@vitoria-gasteiz.org</a>. La baja en la actividad generará la posibilidad de que otra persona pueda inscribirse en la plaza que dejas libre.</p>
<p>Se podrá solicitar servicio de guardería e intérprete de lengua de signos, con 5 días de antelación a través del correo electrónico <a href="mailto:heieskola@vitoriagasteiz" target="_blank" rel="external noopener noreferrer">heieskola@vitoriagasteiz.org</a> o en el teléfono 945 16 16 87.</p>
<p>Las actividades que no alcancen un número mínimo de inscripciones podrán ser suspendidas.</p>
<p></p>

<p>Curso incluido dentro de HEI Escuela Abierta de la Ciudadanía [&hellip;]</p>
