{"id":326566,"date":"2020-10-21T08:09:03","date_gmt":"2020-10-21T06:09:03","guid":{"rendered":"https:\/\/hei.eus\/es\/eventos\/hei-eventos-ser-criticos-con-la-informacion-nos-convierte-en-ciudadania-libre-rosa-ma-calaf\/"},"modified":"2020-11-01T00:07:02","modified_gmt":"2020-10-31T23:07:02","slug":"hei-eventos-ser-criticos-con-la-informacion-nos-convierte-en-ciudadania-libre-rosa-ma-calaf","status":"publish","type":"tribe_events","link":"https:\/\/hei.eus\/es\/eventos\/hei-eventos-ser-criticos-con-la-informacion-nos-convierte-en-ciudadania-libre-rosa-ma-calaf\/","title":{"rendered":"HEI EVENTOS: Ser cr\u00edticos con la informaci\u00f3n nos convierte en ciudadan\u00eda libre, Rosa M\u00aa Calaf"},"content":{"rendered":"<p><!--ODT--><\/p>\n<p><a href=\"http:\/\/www.vitoria-gasteiz.org\/we001\/was\/we001Action.do?idioma=es&amp;nuevaPag=&amp;uid=u12aa3e5_1576eff20cf__7e6a&amp;aplicacion=wb021&amp;id=&amp;tabla=contenido\">Retransmisi&#243;n en directo<\/a><\/p>\n<p><strong>Lugar:<\/strong> Palacio de Congresos Europa. <\/p>\n<p><img decoding=\"async\" src=\"https:\/\/www.vitoria-gasteiz.org\/docs\/wb021\/img\/gestor\/42\/25\/gi_64225.jpg\" alt=\"\" \/><\/p>\n<p>Solo estar bien informados nos hace libres. Cuando creemos estar mejor informados que nunca, merced a las herramientas tecnol&#243;gicas a nuestro alcance, resulta que estamos m&#225;s entretenidos que informados. En el mejor de los casos con un objetivo mercantilista; en el peor, con una voluntad manipuladora.<\/p>\n<p>Se busca m&#225;s una sociedad de consumidores que de ciudadanos. De consumidores que compren productos e ideas m&#225;s que de ciudadanos que piensen. El objetivo social de la prensa que requiere informar con rigor, independencia, pluralidad y honestidad sufre un deterioro alarmante en una cultura de feroz competitividad, que entiende la libertad de expresi&#243;n como un todo vale y en un marco pol&#237;tico-economico que olvida los derechos de las personas.<\/p>\n<p>Informar e informarnos es cada vez m&#225;s dificil. Se convierte en un reto cuando se instala la mentira. La emoci&#243;n publica sustituye a la opini&#243;n p&#250;blica. En una sociedad mal informada corren serio peligro la democracia y las libertades. Es una necesidad fortalecer el sentido cr&#237;tico para no ser arrollados por la informaci&#243;n t&#243;xica.<\/p>\n<h5>Rosa M&#170; Calaf<\/h5>\n<p>Licenciada en Derecho y Periodismo, es la corresponsal con m&#225;s extensa y variada trayectoria de TVE, habiendo sido corresponsal de RTVE en Estados Unidos, Mosc&#250;, Buenos Aires o en Asia-Pac&#237;fico. Ha informado sobre pol&#237;tica y econom&#237;a, conflictos y cat&#225;strofes, cultura y sociedad&#8230; Ha explicado los acontecimientos y conocido a los personajes que han conformado la historia de las &#250;ltimas cuatro d&#233;cadas. <\/p>\n<p>Tras su jubilaci&#243;n anticipada en RTVE, la periodista catalana participa en conferencias, congresos y charlas sobre sus vivencias como corresponsal, sobre el papel y la responsabilidad de los medios de comunicaci&#243;n en la construcci&#243;n de la paz y el entendimiento intercultural, o sobre la mujer y las pol&#237;ticas de igualdad. <\/p>\n<h4>M&#225;s informaci&#243;n<\/h4>\n<p>Entrada gratuita previa inscripci&#243;n. <\/p>\n<p><a href=\"https:\/\/sedeelectronica.vitoria-gasteiz.org\/m01-10s\/actividadAction.do?lang=es&amp;locale=es&amp;idioma=es&amp;activ=INAU&amp;cen=5&amp;accion=verObjetivos&amp;anio=2020&amp;prog=30\" class=\" btn btn-callToAction \" title=\"Inscripci&#243;n online\">Inscripci&#243;n online<\/a><\/p>\n<p>La inscripci&#243;n puede hacerse online, llamando al tel&#233;fono <a href=\"tel:010\" target=\"_blank\" rel=\"external noopener noreferrer\">010<\/a> (<a href=\"tel:+34945161100\" target=\"_blank\" rel=\"external noopener noreferrer\">945 161 100<\/a> si se llama desde fuera del municipio) o de manera presencial en las Oficinas de Atenci&#243;n Ciudadana.<\/p>\n<p>El plazo de inscripci&#243;n estar&#225; <strong>abierto a partir del 1 de octubre de 2020<\/strong>. Las plazas de las actividades de la Escuela se adjudican por orden de inscripci&#243;n.<\/p>\n<p>Si te has inscrito pero finalmente no puedes realizar la actividad, h&#225;znoslo saber con anterioridad a la fecha del comienzo de la misma, llamando al <a href=\"tel:+34945161687\" target=\"_blank\" rel=\"external noopener noreferrer\">945 161687<\/a> \/ o en <a href=\"mailto:heieskola@vitoria-gasteiz.org\" target=\"_blank\" rel=\"external noopener noreferrer\">heieskola@vitoria-gasteiz.org<\/a>. La baja en la actividad generar&#225; la posibilidad de que otra persona pueda inscribirse en la plaza que dejas libre.<\/p>\n<p>Las actividades que no alcancen un n&#250;mero m&#237;nimo de inscripciones podr&#225;n ser suspendidas.<\/p>\n<p>Curso incluido dentro de <a href=\"http:\/\/www.vitoria-gasteiz.org\/we001\/was\/we001Action.do?idioma=es&amp;aplicacion=wb021&amp;tabla=contenido&amp;uid=u12aa3e5_1576eff20cf__7e8b&amp;alias\">HEI Escuela Abierta de la Ciudadan&#237;a<\/a>.<\/p>\n<p><\/p>","protected":false},"excerpt":{"rendered":"<p>Retransmisi&#243;n en directo Lugar: Palacio de Congresos Europa. Solo estar [&hellip;]<\/p>\n","protected":false},"author":3,"featured_media":0,"comment_status":"closed","ping_status":"closed","template":"","meta":{"_tribe_events_status":"","_tribe_events_status_reason":"","footnotes":""},"tags":[],"tribe_events_cat":[129],"_links":{"self":[{"href":"https:\/\/hei.eus\/es\/wp-json\/wp\/v2\/tribe_events\/326566"}],"collection":[{"href":"https:\/\/hei.eus\/es\/wp-json\/wp\/v2\/tribe_events"}],"about":[{"href":"https:\/\/hei.eus\/es\/wp-json\/wp\/v2\/types\/tribe_events"}],"author":[{"embeddable":true,"href":"https:\/\/hei.eus\/es\/wp-json\/wp\/v2\/users\/3"}],"replies":[{"embeddable":true,"href":"https:\/\/hei.eus\/es\/wp-json\/wp\/v2\/comments?post=326566"}],"version-history":[{"count":0,"href":"https:\/\/hei.eus\/es\/wp-json\/wp\/v2\/tribe_events\/326566\/revisions"}],"wp:attachment":[{"href":"https:\/\/hei.eus\/es\/wp-json\/wp\/v2\/media?parent=326566"}],"wp:term":[{"taxonomy":"post_tag","embeddable":true,"href":"https:\/\/hei.eus\/es\/wp-json\/wp\/v2\/tags?post=326566"},{"taxonomy":"tribe_events_cat","embeddable":true,"href":"https:\/\/hei.eus\/es\/wp-json\/wp\/v2\/tribe_events_cat?post=326566"}],"curies":[{"name":"wp","href":"https:\/\/api.w.org\/{rel}","templated":true}]}}

HEI EVENTOS: Ser críticos con la información nos convierte en ciudadanía libre, Rosa Mª Calaf
