{"id":326571,"date":"2020-10-21T08:09:17","date_gmt":"2020-10-21T06:09:17","guid":{"rendered":"https:\/\/hei.eus\/es\/eventos\/hei-habilidades-sociales-como-reparar-las-relaciones-ciudadanas-cuando-estan-danadas\/"},"modified":"2020-11-01T00:07:13","modified_gmt":"2020-10-31T23:07:13","slug":"hei-habilidades-sociales-como-reparar-las-relaciones-ciudadanas-cuando-estan-danadas","status":"publish","type":"tribe_events","link":"https:\/\/hei.eus\/es\/eventos\/hei-habilidades-sociales-como-reparar-las-relaciones-ciudadanas-cuando-estan-danadas\/","title":{"rendered":"HEI HABILIDADES SOCIALES: C\u00f3mo reparar las relaciones ciudadanas cuando est\u00e1n da\u00f1adas"},"content":{"rendered":"<p><!--ODT--><\/p>\n<p><img decoding=\"async\" src=\"https:\/\/www.vitoria-gasteiz.org\/docs\/wb021\/img\/gestor\/42\/21\/gi_64221.jpg\" alt=\"\" \/><\/p>\n<p>La filosof&#237;a restaurativa se fundamenta en la convicci&#243;n de que podemos mejorar la convivencia humana cuando las personas se sienten que forman parte de una comunidad y que pueden participar en los asuntos que los afectan. <\/p>\n<p>Las Practicas Restaurativas nos ofrecen m&#233;todos de dialogo, con medios para prevenir y atender a la violencia y los conflictos, respondiendo a las necesidades no satisfechas y garantizando el respeto de los derechos de las personas. <\/p>\n<p>Para lo cual deben alinearse la filosof&#237;a municipal (cultura) y las redes sociales (estructura) y las intervenciones de las personas (acciones)<\/p>\n<h4>Programa:<\/h4>\n<ul>\n<li>Pr&#225;cticas restaurativas. Concepto y aproximaci&#243;n.\n<ul>\n<li>Concepto de pr&#225;cticas restaurativas<\/li>\n<li>Tipos de pr&#225;cticas restaurativas<\/li>\n<li>Beneficios de la aplicaci&#243;n de pr&#225;cticas restaurativas<\/li>\n<li>Introducci&#243;n a las relaciones comunitarias y la diversidad abordadas desde las practicas restaurativas<\/li>\n<\/ul>\n<\/li>\n<li>Construcci&#243;n de un entorno restaurativo en organizaciones sociales\n<ul>\n<li>Claves para la implementaci&#243;n<\/li>\n<li>Pasos y fases para su desarrollo<\/li>\n<li>Seguimiento y evaluaci&#243;n<\/li>\n<\/ul>\n<\/li>\n<li>Herramientas restaurativas en los procesos de toma de decisiones.\n<ul>\n<li>Participaci&#243;n<\/li>\n<li>Elementos a tener en cuenta <\/li>\n<li>Metodolog&#237;a<\/li>\n<\/ul>\n<\/li>\n<\/ul>\n<p><strong>Actividad ofertada por el Observatorio de Convivencia de Vitoria-Gasteiz en colaboraci&#243;n con HEI La Escuela Abierta de la Ciudadan&#237;a.<\/strong><\/p>\n<h4>Detalles: <\/h4>\n<p><strong>D&#237;as: <\/strong>20 y 27 de octubre y 3 y 10 de noviembre<\/p>\n<p><strong>Horario: <\/strong>16.00 &#8211; 20.00 <\/p>\n<p><strong>Lugar:<\/strong> Casa de asociaciones Simone de Beauvoir (C\/ San Ignacio de Loyola, 8)<\/p>\n<p><strong>Idioma:<\/strong> castellano<\/p>\n<p><strong>Dirigido a:<\/strong> ciudadan&#237;a<\/p>\n<p><strong>Formato: <\/strong>Presencial<strong><\/strong><\/p>\n<p><strong>Inscripci&#243;n: <\/strong>Entrada gratuita previa <a href=\"https:\/\/sedeelectronica.vitoria-gasteiz.org\/m01-10s\/actividadAction.do?accion=verObjetivos&amp;prog=30&amp;cen=60&amp;activ=RERE&amp;anio=2020\" title=\"[sede]\">inscripci&#243;n<\/a> (15 personas)<\/p>\n<h4>Formadoras:<\/h4>\n<ul>\n<li><strong>M&#170; Eugenia Ramos P&#233;rez<\/strong>. Lic. en Derecho. M&#225;ster Universitario en Gesti&#243;n integral de Conflictos y promoci&#243;n de la convivencia. <\/li>\n<li><strong>Laura L&#243;pez-Molina Rodr&#237;guez: <\/strong>Lic. en Psicolog&#237;a. M&#225;ster Universitario en Gesti&#243;n integral de conflictos y promoci&#243;n de la convivencia<\/li>\n<\/ul>\n<h4>M&#225;s informaci&#243;n<\/h4>\n<p>Entrada gratuita previa inscripci&#243;n. La inscripci&#243;n puede hacerse v&#237;a <a href=\"https:\/\/sedeelectronica.vitoria-gasteiz.org\/m01-10s\/actividadAction.do?accion=verObjetivos&amp;prog=30&amp;cen=60&amp;activ=RERE&amp;anio=2020\" title=\"[sede]\">web<\/a>, llamando al tel&#233;fono <a href=\"tel:010\" target=\"_blank\" rel=\"external noopener noreferrer\">010<\/a> (<a href=\"tel:+34945161100\" target=\"_blank\" rel=\"external noopener noreferrer\">945 161 100<\/a> si se llama desde fuera del municipio) o de manera presencial en las Oficinas de Atenci&#243;n Ciudadana<\/p>\n<p>El plazo de inscripci&#243;n estar&#225; abierto a partir del 1 de octubre de 2020. Las plazas de las actividades de la Escuela se adjudican por orden de inscripci&#243;n.<\/p>\n<p>Si te has inscrito pero finalmente no puedes realizar la actividad, h&#225;znoslo saber con anterioridad a la fecha del comienzo de la misma, llamando al 945 161687 \/ o en heieskola@vitoria-gasteiz.org. La baja en la actividad generar&#225; la posibilidad de que otra persona pueda inscribirse en la plaza que dejas libre.<\/p>\n<p>Las actividades que no alcancen un n&#250;mero m&#237;nimo de inscripciones podr&#225;n ser suspendidas.<\/p>\n<p>Curso incluido dentro de <a href=\"http:\/\/www.vitoria-gasteiz.org\/we001\/was\/we001Action.do?idioma=es&amp;aplicacion=wb021&amp;tabla=contenido&amp;uid=u12aa3e5_1576eff20cf__7e8b&amp;alias\">HEI Escuela Abierta de la Ciudadan&#237;a<\/a><\/p>\n<p><\/p>","protected":false},"excerpt":{"rendered":"<p>La filosof&#237;a restaurativa se fundamenta en la convicci&#243;n de que [&hellip;]<\/p>\n","protected":false},"author":3,"featured_media":0,"comment_status":"closed","ping_status":"closed","template":"","meta":{"_tribe_events_status":"","_tribe_events_status_reason":"","footnotes":""},"tags":[],"tribe_events_cat":[130],"_links":{"self":[{"href":"https:\/\/hei.eus\/es\/wp-json\/wp\/v2\/tribe_events\/326571"}],"collection":[{"href":"https:\/\/hei.eus\/es\/wp-json\/wp\/v2\/tribe_events"}],"about":[{"href":"https:\/\/hei.eus\/es\/wp-json\/wp\/v2\/types\/tribe_events"}],"author":[{"embeddable":true,"href":"https:\/\/hei.eus\/es\/wp-json\/wp\/v2\/users\/3"}],"replies":[{"embeddable":true,"href":"https:\/\/hei.eus\/es\/wp-json\/wp\/v2\/comments?post=326571"}],"version-history":[{"count":0,"href":"https:\/\/hei.eus\/es\/wp-json\/wp\/v2\/tribe_events\/326571\/revisions"}],"wp:attachment":[{"href":"https:\/\/hei.eus\/es\/wp-json\/wp\/v2\/media?parent=326571"}],"wp:term":[{"taxonomy":"post_tag","embeddable":true,"href":"https:\/\/hei.eus\/es\/wp-json\/wp\/v2\/tags?post=326571"},{"taxonomy":"tribe_events_cat","embeddable":true,"href":"https:\/\/hei.eus\/es\/wp-json\/wp\/v2\/tribe_events_cat?post=326571"}],"curies":[{"name":"wp","href":"https:\/\/api.w.org\/{rel}","templated":true}]}}

HEI HABILIDADES SOCIALES: Cómo reparar las relaciones ciudadanas cuando están dañadas
