{"id":350908,"date":"2021-02-24T07:07:47","date_gmt":"2021-02-24T06:07:47","guid":{"rendered":"https:\/\/hei.eus\/es\/eventos\/hei-eventos-conferencia-repensar-la-participacion-ciudadana-una-mirada-desde-la-etica-a-cargo-de-begona-roman\/"},"modified":"2021-03-01T00:06:15","modified_gmt":"2021-02-28T23:06:15","slug":"hei-eventos-conferencia-repensar-la-participacion-ciudadana-una-mirada-desde-la-etica-a-cargo-de-begona-roman","status":"publish","type":"tribe_events","link":"https:\/\/hei.eus\/es\/eventos\/hei-eventos-conferencia-repensar-la-participacion-ciudadana-una-mirada-desde-la-etica-a-cargo-de-begona-roman\/","title":{"rendered":"HEI EVENTOS: Conferencia &#8216;Repensar la participaci\u00f3n ciudadana, una mirada desde la \u00e9tica&#8217;, a cargo de  Bego\u00f1a Rom\u00e1n"},"content":{"rendered":"<p><!--ODT--><\/p>\n<p>La participaci&#243;n ciudadana es pieza clave de la legitimidad democr&#225;tica. Sin embargo, hay que repensar los procesos participativos pues muchos son los cambios de las sociedades aceleradas y mucha es la desafecci&#243;n a lo p&#250;blico. La participaci&#243;n no es un mero mecanismo, es un encuentro deliberativo con el diferente con el objetivo de generar comunidad. Hay que salir a buscar la participaci&#243;n, m&#225;s all&#225; de exigirla o de constatar que se han hecho los pertinentes procesos participativos que determinados protocolos exigen. <\/p>\n<p>Sobre esto reflexionar&#225; <a href=\"#Bego&#241;a\">Bego&#241;a Rom&#225;n Maestre *<\/a>, que en este v&#237;deo nos invita a participar en el evento.<\/p>\n<p><a href=\"https:\/\/www.youtube.com\/watch?v=LZtcHzndt1I\" target=\"_blank\" rel=\"external noopener noreferrer\">https:\/\/www.youtube.com\/watch?v=LZtcHzndt1I(Se abre en una ventana nueva)<\/a><\/p>\n<p>La entrada es gratuita<strong> previa inscripci&#243;n<\/strong>. La inscripci&#243;n puede hacerse por tel&#233;fono ( <a href=\"tel:010\" target=\"_blank\" rel=\"external noopener noreferrer\">010<\/a> y <a href=\"tel:+34945161100\" target=\"_blank\" rel=\"external noopener noreferrer\">945 161 100<\/a>), de manera presencial en las Oficinas de Atenci&#243;n Ciudadana, y online. <\/p>\n<p><a href=\"https:\/\/sedeelectronica.vitoria-gasteiz.org\/m01-10s\/actividadAction.do?lang=es&amp;locale=es&amp;idioma=es&amp;activ=BERO&amp;cen=5&amp;accion=verObjetivos&amp;anio=2020&amp;prog=30\" class=\" btn btn-callToAction \" title=\"Inscripci&#243;n online\">Inscripci&#243;n online<\/a><\/p>\n<p>La intervenci&#243;n de Bego&#241;a Maestre se emitir&#225; en streaming en el Palacio de Congresos Europa, y tambi&#233;n podr&#225; seguirse a trav&#233;s de la <a href=\"https:\/\/www.vitoria-gasteiz.org\/wb021\/was\/contenidoAction.do?lang=es&amp;locale=es&amp;idioma=es&amp;uid=u12aa3e5_1576eff20cf__7e6a&amp;id=\"><strong>p&#225;gina de emisiones en directo de la HEI<\/strong><\/a>. <\/p>\n<h4>M&#225;s informaci&#243;n<\/h4>\n<p>El plazo de inscripci&#243;n estar&#225; abierto a partir del 27 de enero de 2021. Las plazas de las actividades de la Escuela se adjudican por orden de inscripci&#243;n.<\/p>\n<p>Si te has inscrito pero finalmente no puedes realizar la actividad, h&#225;znoslo saber con anterioridad a la fecha del comienzo de la misma, llamando al 945 161687 o en heieskola@vitoria-gasteiz.org. La baja en la actividad generar&#225; la posibilidad de que otra persona pueda inscribirse en la plaza que dejas libre.<\/p>\n<p>Las actividades que no alcancen un n&#250;mero m&#237;nimo de inscripciones podr&#225;n ser suspendidas.<\/p>\n<p>Curso incluido dentro de <a href=\"http:\/\/www.vitoria-gasteiz.org\/we001\/was\/we001Action.do?idioma=es&amp;aplicacion=wb021&amp;tabla=contenido&amp;uid=u12aa3e5_1576eff20cf__7e8b&amp;alias\">HEI Escuela Abierta de la Ciudadan&#237;a<\/a><\/p>\n<p><span id=\"Bego\u00f1a\"><\/span>* Bego&#241;a Rom&#225;n Maestre es profesora en la Facultat de Filosofia de la Universitat de Barcelona. Es miembro del grupo consolidado de investigaci&#243;n de la Generalitat de Catalunya &quot;Apor&#237;a: Filosof&#237;a contempor&#225;nea, &#233;tica y pol&#237;tica&quot;. Su &#225;rea de especializaci&#243;n es la &#233;tica aplicada. Es Presidenta del Comit&#233; de &#201;tica de Servicios Sociales de Catalu&#241;a y Vocal del Comit&#233; de Bio&#233;tica de Catalu&#241;a, entre otros.<\/p>\n<p><\/p>","protected":false},"excerpt":{"rendered":"<p>La participaci&#243;n ciudadana es pieza clave de la legitimidad democr&#225;tica. [&hellip;]<\/p>\n","protected":false},"author":3,"featured_media":0,"comment_status":"closed","ping_status":"closed","template":"","meta":{"_tribe_events_status":"","_tribe_events_status_reason":"","footnotes":""},"tags":[],"tribe_events_cat":[129],"_links":{"self":[{"href":"https:\/\/hei.eus\/es\/wp-json\/wp\/v2\/tribe_events\/350908"}],"collection":[{"href":"https:\/\/hei.eus\/es\/wp-json\/wp\/v2\/tribe_events"}],"about":[{"href":"https:\/\/hei.eus\/es\/wp-json\/wp\/v2\/types\/tribe_events"}],"author":[{"embeddable":true,"href":"https:\/\/hei.eus\/es\/wp-json\/wp\/v2\/users\/3"}],"replies":[{"embeddable":true,"href":"https:\/\/hei.eus\/es\/wp-json\/wp\/v2\/comments?post=350908"}],"version-history":[{"count":0,"href":"https:\/\/hei.eus\/es\/wp-json\/wp\/v2\/tribe_events\/350908\/revisions"}],"wp:attachment":[{"href":"https:\/\/hei.eus\/es\/wp-json\/wp\/v2\/media?parent=350908"}],"wp:term":[{"taxonomy":"post_tag","embeddable":true,"href":"https:\/\/hei.eus\/es\/wp-json\/wp\/v2\/tags?post=350908"},{"taxonomy":"tribe_events_cat","embeddable":true,"href":"https:\/\/hei.eus\/es\/wp-json\/wp\/v2\/tribe_events_cat?post=350908"}],"curies":[{"name":"wp","href":"https:\/\/api.w.org\/{rel}","templated":true}]}}

HEI EVENTOS: Conferencia &#8216;Repensar la participación ciudadana, una mirada desde la ética&#8217;, a cargo de  Begoña Román

<p><!--ODT--></p>
<p>La participaci&#243;n ciudadana es pieza clave de la legitimidad democr&#225;tica. Sin embargo, hay que repensar los procesos participativos pues muchos son los cambios de las sociedades aceleradas y mucha es la desafecci&#243;n a lo p&#250;blico. La participaci&#243;n no es un mero mecanismo, es un encuentro deliberativo con el diferente con el objetivo de generar comunidad. Hay que salir a buscar la participaci&#243;n, m&#225;s all&#225; de exigirla o de constatar que se han hecho los pertinentes procesos participativos que determinados protocolos exigen. </p>
<p>Sobre esto reflexionar&#225; <a href="#Bego&#241;a">Bego&#241;a Rom&#225;n Maestre *</a>, que en este v&#237;deo nos invita a participar en el evento.</p>
<p><a href="https://www.youtube.com/watch?v=LZtcHzndt1I" target="_blank" rel="external noopener noreferrer">https://www.youtube.com/watch?v=LZtcHzndt1I(Se abre en una ventana nueva)</a></p>
<p>La entrada es gratuita<strong> previa inscripci&#243;n</strong>. La inscripci&#243;n puede hacerse por tel&#233;fono ( <a href="tel:010" target="_blank" rel="external noopener noreferrer">010</a> y <a href="tel:+34945161100" target="_blank" rel="external noopener noreferrer">945 161 100</a>), de manera presencial en las Oficinas de Atenci&#243;n Ciudadana, y online. </p>
<p><a href="https://sedeelectronica.vitoria-gasteiz.org/m01-10s/actividadAction.do?lang=es&amp;locale=es&amp;idioma=es&amp;activ=BERO&amp;cen=5&amp;accion=verObjetivos&amp;anio=2020&amp;prog=30" class=" btn btn-callToAction " title="Inscripci&#243;n online">Inscripci&#243;n online</a></p>
<p>La intervenci&#243;n de Bego&#241;a Maestre se emitir&#225; en streaming en el Palacio de Congresos Europa, y tambi&#233;n podr&#225; seguirse a trav&#233;s de la <a href="https://www.vitoria-gasteiz.org/wb021/was/contenidoAction.do?lang=es&amp;locale=es&amp;idioma=es&amp;uid=u12aa3e5_1576eff20cf__7e6a&amp;id="><strong>p&#225;gina de emisiones en directo de la HEI</strong></a>. </p>
<h4>M&#225;s informaci&#243;n</h4>
<p>El plazo de inscripci&#243;n estar&#225; abierto a partir del 27 de enero de 2021. Las plazas de las actividades de la Escuela se adjudican por orden de inscripci&#243;n.</p>
<p>Si te has inscrito pero finalmente no puedes realizar la actividad, h&#225;znoslo saber con anterioridad a la fecha del comienzo de la misma, llamando al 945 161687 o en heieskola@vitoria-gasteiz.org. La baja en la actividad generar&#225; la posibilidad de que otra persona pueda inscribirse en la plaza que dejas libre.</p>
<p>Las actividades que no alcancen un n&#250;mero m&#237;nimo de inscripciones podr&#225;n ser suspendidas.</p>
<p>Curso incluido dentro de <a href="http://www.vitoria-gasteiz.org/we001/was/we001Action.do?idioma=es&amp;aplicacion=wb021&amp;tabla=contenido&amp;uid=u12aa3e5_1576eff20cf__7e8b&amp;alias">HEI Escuela Abierta de la Ciudadan&#237;a</a></p>
<p><span id="Begoña"></span>* Bego&#241;a Rom&#225;n Maestre es profesora en la Facultat de Filosofia de la Universitat de Barcelona. Es miembro del grupo consolidado de investigaci&#243;n de la Generalitat de Catalunya &quot;Apor&#237;a: Filosof&#237;a contempor&#225;nea, &#233;tica y pol&#237;tica&quot;. Su &#225;rea de especializaci&#243;n es la &#233;tica aplicada. Es Presidenta del Comit&#233; de &#201;tica de Servicios Sociales de Catalu&#241;a y Vocal del Comit&#233; de Bio&#233;tica de Catalu&#241;a, entre otros.</p>
<p></p>
