{"id":365934,"date":"2021-05-31T08:09:03","date_gmt":"2021-05-31T06:09:03","guid":{"rendered":"https:\/\/hei.eus\/es\/eventos\/hei-eventos-etica-cosmopolita-por-una-ciudadania-lucida-y-responsable\/"},"modified":"2021-06-01T01:04:56","modified_gmt":"2021-05-31T23:04:56","slug":"hei-eventos-etica-cosmopolita-por-una-ciudadania-lucida-y-responsable","status":"publish","type":"tribe_events","link":"https:\/\/hei.eus\/es\/eventos\/hei-eventos-etica-cosmopolita-por-una-ciudadania-lucida-y-responsable\/","title":{"rendered":"HEI EVENTOS: \u00c9tica cosmopolita: por una ciudadan\u00eda l\u00facida y responsable"},"content":{"rendered":"<p><!--ODT--><\/p>\n<p><strong>Puedes seguir <\/strong><strong>el acto en directo<\/strong> a trav&#233;s de la <a href=\"https:\/\/www.vitoria-gasteiz.org\/wb021\/was\/contenidoAction.do?lang=es&amp;locale=es&amp;idioma=es&amp;uid=u12aa3e5_1576eff20cf__7e6a&amp;id=\"><strong>p&#225;gina de emisiones de la HEI<\/strong><\/a><strong> <\/strong>el jueves 6 de mayo partir de las 18:30. <\/p>\n<p>La pandemia del coronavirus nos ha recordado que los grandes retos no pueden abordarse desde el individualismo ego&#237;sta, sino desde el apoyo mutuo; no desde la competencia salvaje, sino desde la cooperaci&#243;n y la solidaridad activa. Es necesario, pues, unir los esfuerzos de una ciudadan&#237;a l&#250;cida y responsable con el poder pol&#237;tico y el empresarial. Y no s&#243;lo porque estamos todos en el mismo barco, sino sobre todo porque nos importan la dignidad de las personas y el valor de la naturaleza.<\/p>\n<p><img decoding=\"async\" src=\"https:\/\/www.vitoria-gasteiz.org\/docs\/wb021\/img\/gestor\/72\/81\/gi_67281.jpg\" alt=\"\" class=\"pull-right\" \/> Sobre esto reflexionar&#225; <strong>Adela Cortina,<\/strong> <strong>catedr&#225;tica de &#201;tica y Filosof&#237;a Pol&#237;tica en la Universidad de Valencia<\/strong> y miembro de&#160;la Real Academia de Ciencias Morales y Pol&#237;ticas, donde fue la primera mujer que ingres&#243; en esta Academia desde su fundaci&#243;n en 1857. Entre sus obras se cuentan <i>&#201;tica m&#237;nima; &#201;tica sin moral; &#201;tica aplicada y democracia radical; Ciudadanos del mundo; Por una &#233;tica del consumo; &#201;tica de la raz&#243;n cordial; Las fronteras de la persona; Justicia cordial y Neuro&#233;tica y neuropol&#237;tica.<\/i><\/p>\n<p>El acto se desarrollar&#225; en el<strong> Palacio Europa<\/strong> con la intervenci&#243;n de Adela Cortina por videoconferencia. La periodista Naiara L&#243;pez de Munain presentar&#225; la conferencia desde el Palacio Europa y mantendr&#225; un di&#225;logo con ella. A su vez, le plantear&#225; las cuestiones que se propongan por el p&#250;blico asistente y aquellas que lleguen v&#237;a online.<\/p>\n<p><strong>La entrada al Palacio Europa es gratuita previa inscripci&#243;n<\/strong>, que<strong> <\/strong>puede realizarse desde el 26 de abril por tel&#233;fono ( <a href=\"tel:010\" target=\"_blank\" rel=\"external noopener noreferrer\">010<\/a> y <a href=\"tel:+34945161100\" target=\"_blank\" rel=\"external noopener noreferrer\">945 161 100<\/a>), presencial en las <a href=\"https:\/\/sedeelectronica.vitoria-gasteiz.org\/j30-01s\/contenidoAction.do?idioma=es&amp;uid=e5b59a_12328222124__7ff9\" title=\"[sede]\">Oficinas de Atenci&#243;n Ciudadana<\/a>, y <a href=\"https:\/\/sedeelectronica.vitoria-gasteiz.org\/m01-10s\/actividadAction.do?accion=verObjetivos&amp;prog=30&amp;cen=5&amp;activ=ADEL&amp;anio=2020\" title=\"[sede]\">o<\/a>nline:<\/p>\n<p><a href=\"https:\/\/sedeelectronica.vitoria-gasteiz.org\/m01-10s\/actividadAction.do?accion=verObjetivos&amp;prog=30&amp;cen=5&amp;activ=ADEL&amp;anio=2020\" class=\"btn btn-callToAction\" title=\"[sede]\">Inscripci&#243;n online al acto del Palacio Europa<\/a> <\/p>\n<p>Para seguir la <a href=\"https:\/\/www.vitoria-gasteiz.org\/wb021\/was\/contenidoAction.do?lang=es&amp;locale=es&amp;idioma=es&amp;uid=u12aa3e5_1576eff20cf__7e6a&amp;id=\">emisi&#243;n online<\/a> no es necesario inscribirse. <\/p>\n<h4>M&#225;s informaci&#243;n<\/h4>\n<p>Si te has inscrito pero finalmente no puedes realizar la actividad, h&#225;znoslo saber con anterioridad a la fecha del comienzo de la misma, llamando al <a href=\"tel:+34945161687\" target=\"_blank\" rel=\"external noopener noreferrer\">945 16 16 87<\/a> o en <strong>heieskola@vitoria-gasteiz.org<\/strong>. La baja en la actividad generar&#225; la posibilidad de que otra persona pueda inscribirse en la plaza que dejas libre.<\/p>\n<p>Las actividades que no alcancen un n&#250;mero m&#237;nimo de inscripciones podr&#225;n ser suspendidas.<\/p>\n<p>Curso incluido dentro de <a href=\"http:\/\/www.vitoria-gasteiz.org\/we001\/was\/we001Action.do?idioma=es&amp;aplicacion=wb021&amp;tabla=contenido&amp;uid=u12aa3e5_1576eff20cf__7e8b&amp;alias\">HEI Escuela Abierta de la Ciudadan&#237;a<\/a><\/p>\n<p><\/p>","protected":false},"excerpt":{"rendered":"<p>Puedes seguir el acto en directo a trav&#233;s de la [&hellip;]<\/p>\n","protected":false},"author":3,"featured_media":0,"comment_status":"closed","ping_status":"closed","template":"","meta":{"_tribe_events_status":"","_tribe_events_status_reason":"","footnotes":""},"tags":[],"tribe_events_cat":[129],"_links":{"self":[{"href":"https:\/\/hei.eus\/es\/wp-json\/wp\/v2\/tribe_events\/365934"}],"collection":[{"href":"https:\/\/hei.eus\/es\/wp-json\/wp\/v2\/tribe_events"}],"about":[{"href":"https:\/\/hei.eus\/es\/wp-json\/wp\/v2\/types\/tribe_events"}],"author":[{"embeddable":true,"href":"https:\/\/hei.eus\/es\/wp-json\/wp\/v2\/users\/3"}],"replies":[{"embeddable":true,"href":"https:\/\/hei.eus\/es\/wp-json\/wp\/v2\/comments?post=365934"}],"version-history":[{"count":0,"href":"https:\/\/hei.eus\/es\/wp-json\/wp\/v2\/tribe_events\/365934\/revisions"}],"wp:attachment":[{"href":"https:\/\/hei.eus\/es\/wp-json\/wp\/v2\/media?parent=365934"}],"wp:term":[{"taxonomy":"post_tag","embeddable":true,"href":"https:\/\/hei.eus\/es\/wp-json\/wp\/v2\/tags?post=365934"},{"taxonomy":"tribe_events_cat","embeddable":true,"href":"https:\/\/hei.eus\/es\/wp-json\/wp\/v2\/tribe_events_cat?post=365934"}],"curies":[{"name":"wp","href":"https:\/\/api.w.org\/{rel}","templated":true}]}}

HEI EVENTOS: Ética cosmopolita: por una ciudadanía lúcida y responsable
