{"id":368642,"date":"2021-06-30T07:02:44","date_gmt":"2021-06-30T05:02:44","guid":{"rendered":"https:\/\/hei.eus\/es\/eventos\/hei-habilidades-sociales-nuevos-dialogos-en-la-accion-politica\/"},"modified":"2021-07-01T01:48:13","modified_gmt":"2021-06-30T23:48:13","slug":"hei-habilidades-sociales-nuevos-dialogos-en-la-accion-politica","status":"publish","type":"tribe_events","link":"https:\/\/hei.eus\/es\/eventos\/hei-habilidades-sociales-nuevos-dialogos-en-la-accion-politica\/","title":{"rendered":"HEI HABILIDADES SOCIALES: Nuevos di\u00e1logos en la acci\u00f3n pol\u00edtica"},"content":{"rendered":"<p><!--ODT--><\/p>\n<p><img decoding=\"async\" src=\"https:\/\/www.vitoria-gasteiz.org\/docs\/wb021\/img\/gestor\/80\/94\/gi_68094.jpg\" alt=\"\" \/><\/p>\n<p>Con este taller se pretende construir un espacio de encuentro entre personas de diferentes partidos pol&#237;ticos y con responsabilidad en la gesti&#243;n de la ciudad para activar una gobernabilidad m&#225;s abierta, interactiva y colaborativa. <\/p>\n<p><span id=\"_kk9f535wmgvg\"><\/span>Los principales objetivos de este espacio de encuentro son:<\/p>\n<p>&#183;&#160;Visibilizar otro tipo de pol&#237;tica m&#225;s centrada en la colaboraci&#243;n entre diferentes manteniendo la identidad de cada partido pol&#237;tico.<\/p>\n<p>&#183;&#160; Activar una nueva gobernabilidad m&#225;s abierta, interactiva y orientada al bien com&#250;n.<\/p>\n<p>&#183;&#160; Contrastar nuestras pr&#225;cticas, ser conscientes de los impactos de nuestras maneras de interactuar y reforzar aquellos que contribuyan a la convivencia y la mejora de nuestra ciudad. <\/p>\n<p>&#183;&#160; Reconocernos como un modelo para la ciudadan&#237;a y reflexionar sobre los cauces para mostrar una forma de hacer pol&#237;tica donde la colaboraci&#243;n entre partidos es una realidad.<\/p>\n<p><strong>Personal formador:<\/strong><\/p>\n<p><strong>Asier Gallastegi Fullaondo<\/strong>, facilitador de procesos de desarrollo personal, de equipos, organizacionales y sociales en colaboraci&#243;n con diferentes empresas, administraciones p&#250;blicas y organizaciones sociales. Formaci&#243;n como Educador Social, Psicoterapeuta familiar y experto en Intervenciones Sist&#233;micas. Profesor colaborador en la Facultad de Psicologi&#769;a y Educacio&#769;n de la Universidad de Deusto.<\/p>\n<p><strong>Emma Ortiz Barredo<\/strong>, Licenciada en Psicolog&#237;a (Deusto), Master en gesti&#243;n de RRHH y Coach<br \/>Sist&#233;mico. Ha trabajado como Directora T&#233;cnica y Consultora en diferentes Consultor&#237;as, desarrollando proyectos de Formaci&#243;n y Desarrollo de personas, equipos y transformaci&#243;n cultural. Actualmente es Consultora-Coach y trabaja para organizaciones de diversos sectores privados y p&#250;blicos. <\/p>\n<p><strong>Detalles: <\/strong><\/p>\n<p><strong>D&#237;a<\/strong>: 30 de junio<\/p>\n<p><strong>Horario<\/strong>: 16:30 &#8211; 19:30<\/p>\n<p><strong>Idioma<\/strong>: castellano<\/p>\n<p><strong>Lugar: <\/strong>Escuela Municipal de M&#250;sica Luis Aramburu<\/p>\n<p><strong>D<\/strong><strong>irigido a: <\/strong>representantes pol&#237;ticos<\/p>\n<p><strong>M&#225;s informaci&#243;n<\/strong><\/p>\n<p><a href=\"http:\/\/www.korapilatzen.com\/\" target=\"_blank\" rel=\"external noopener noreferrer\">www.korapilatzen.com(Se abre en una ventana nueva)<\/a><\/p>\n<p>Curso incluido dentro de <a href=\"http:\/\/www.vitoria-gasteiz.org\/we001\/was\/we001Action.do?idioma=es&amp;aplicacion=wb021&amp;tabla=contenido&amp;uid=u12aa3e5_1576eff20cf__7e8b&amp;alias\">HEI Escuela Abierta de la Ciudadan&#237;a<\/a><\/p>\n<p><\/p>","protected":false},"excerpt":{"rendered":"<p>Con este taller se pretende construir un espacio de encuentro [&hellip;]<\/p>\n","protected":false},"author":3,"featured_media":0,"comment_status":"closed","ping_status":"closed","template":"","meta":{"_tribe_events_status":"","_tribe_events_status_reason":"","footnotes":""},"tags":[],"tribe_events_cat":[130],"_links":{"self":[{"href":"https:\/\/hei.eus\/es\/wp-json\/wp\/v2\/tribe_events\/368642"}],"collection":[{"href":"https:\/\/hei.eus\/es\/wp-json\/wp\/v2\/tribe_events"}],"about":[{"href":"https:\/\/hei.eus\/es\/wp-json\/wp\/v2\/types\/tribe_events"}],"author":[{"embeddable":true,"href":"https:\/\/hei.eus\/es\/wp-json\/wp\/v2\/users\/3"}],"replies":[{"embeddable":true,"href":"https:\/\/hei.eus\/es\/wp-json\/wp\/v2\/comments?post=368642"}],"version-history":[{"count":0,"href":"https:\/\/hei.eus\/es\/wp-json\/wp\/v2\/tribe_events\/368642\/revisions"}],"wp:attachment":[{"href":"https:\/\/hei.eus\/es\/wp-json\/wp\/v2\/media?parent=368642"}],"wp:term":[{"taxonomy":"post_tag","embeddable":true,"href":"https:\/\/hei.eus\/es\/wp-json\/wp\/v2\/tags?post=368642"},{"taxonomy":"tribe_events_cat","embeddable":true,"href":"https:\/\/hei.eus\/es\/wp-json\/wp\/v2\/tribe_events_cat?post=368642"}],"curies":[{"name":"wp","href":"https:\/\/api.w.org\/{rel}","templated":true}]}}

HEI HABILIDADES SOCIALES: Nuevos diálogos en la acción política
