{"id":599505,"date":"2025-04-14T21:38:07","date_gmt":"2025-04-14T19:38:07","guid":{"rendered":"https:\/\/hei.eus\/es\/eventos\/hei-eventos-jordi-armadans-construir-paz-y-resistir-al-militarismo-en-tiempos-de-guerra\/"},"modified":"2025-05-01T01:37:55","modified_gmt":"2025-04-30T23:37:55","slug":"hei-eventos-jordi-armadans-construir-paz-y-resistir-al-militarismo-en-tiempos-de-guerra","status":"publish","type":"tribe_events","link":"https:\/\/hei.eus\/es\/eventos\/hei-eventos-jordi-armadans-construir-paz-y-resistir-al-militarismo-en-tiempos-de-guerra\/","title":{"rendered":"HEI EVENTOS. Jordi Armadans: Construir paz y resistir al militarismo en tiempos de guerra"},"content":{"rendered":"<p><!--IndexOFF--><!--IndexON--><\/p>\n<div class=\"card-header\">\n<div class=\"card-header__imagen\">\n<figure><img decoding=\"async\" src=\"https:\/\/www.vitoria-gasteiz.org\/docs\/wb021\/img\/gestor\/65\/66\/gi_86566.png\" alt=\"Jordi Armadans\"><\/figure>\n<\/div>\n<div class=\"card-header__content\">\n<ul class=\"card-event__info-list\">\n<li class=\"card-event__info card-event__info-calendar\">\n\t\t      10\/04\/2025\n\t\t    <\/li>\n<li class=\"card-event__info card-event__info-time\">\n\t\t      18:00 &#8211; 20:00\n\t\t    <\/li>\n<li class=\"card-event__info card-event__info-location\">\n\t\t      Palacio de Congresos Europa &#8211; Auditorio Francisco de Vitoria\n\t\t    <\/li>\n<li class=\"card-event__info card-event__info-public\">\n\t\t      Todos los p\u00fablicos\n\t\t    <\/li>\n<li class=\"card-event__info card-event__info-lang\">\n\t\t      Castellano\n\t\t    <\/li>\n<\/ul><\/div>\n<\/div>\n<div>\n<p>En un mundo asolado por la violencia y la injusticia, donde crecen las guerras y las vulneraciones de derechos humanos y el derecho internacional humanitario es pisoteado por potencias y pa\u00edses, \u00bfc\u00f3mo podemos defender la vida humana, superar la violencia f\u00edsica y estructural, resistir al militarismo y al armamentismo y ayudar a crear las condiciones necesarias para el avance de la paz, el desarme y la dignidad humana?<\/p>\n<p><strong>Jordi Armadans Gil<\/strong> es polit\u00f3logo y periodista. Analista y formador en cuestiones de conflictos, paz y seguridad, ha trabajado de director en la Fundaci\u00f3 per la Pau (FundiPau) y ha estado vinculado a diversas ONG, campa\u00f1as y movimientos sociales a favor de la cultura de paz, los derechos humanos, la solidaridad y la justicia global. Como representante de la sociedad civil, ha participado en varios procesos diplom\u00e1ticos sobre desarme y control de armas en las Naciones Unidas (Tratado sobre la Prohibici\u00f3n de las Armas Nucleares, Tratado sobre el Comercio de Armas y Convenci\u00f3n sobre Municiones en Racimo, entre otros). Es autor del libro <em>Pau. El valor de la vida als nostres dies<\/em> (ARA Llibres, Barcelona, 2022).<\/p>\n<p><strong>Evento programado en colaboraci\u00f3n con las jornadas <a href=\"https:\/\/www.vitoria-gasteiz.org\/wb021\/was\/we001Action.do?idioma=es&amp;accion=calMunicipales&amp;accionWe001=ficha&amp;accionGSA=modoCompleto&amp;calendariosID=1019\">En el Foco<\/a>.<\/strong><\/p>\n<\/div>\n<section id=\"apartadoEntrada\" class=\"\">\n<header>\n<h2>Acceso<\/h2>\n<\/header>\n<div>\n<p>Entrada libre<\/p>\n<p>&#8230; hasta completar aforo.<\/p>\n<\/p><\/div>\n<div>\n<h3>Online<\/h3>\n<div>\n<p><strong>Para seguir la emisi\u00f3n online no es necesario inscribirse.<\/strong><\/p>\n<\/p>\n<p>Una vez finalizados, los eventos de HEI se guardan en la <a href=\"https:\/\/www.vitoria-gasteiz.org\/wb021\/was\/contenidoAction.do?lang=es&amp;locale=es&amp;idioma=es&amp;uid=u_5796530b_15d11059c17__7f70\">biblioteca digital<\/a>.<\/p>\n<\/div><\/div>\n<\/section>\n<section>\n<header>\n<h2>M\u00e1s informaci\u00f3n<\/h2>\n<\/header>\n<div>\n<div>\n<p><strong>Te has apuntado y no puedes asistir:<\/strong><\/p>\n<ul>\n<li>Ll\u00e1manos al tel\u00e9fono: 945 161 687<\/li>\n<li>Escribe al correo <a href=\"mailto:heieskola@vitoria-gasteiz.org\" target=\"_blank\" rel=\"external noopener noreferrer\">heieskola@vitoria-gasteiz.org<\/a><\/li>\n<\/ul>\n<p>De esta manera podr\u00e1n asistir otras personas.<\/p>\n<p>La actividad puede quedar suspendida si no se apuntan suficientes personas.<\/p>\n<p>Actividad incluida dentro de <a href=\"http:\/\/www.vitoria-gasteiz.org\/we001\/was\/we001Action.do?idioma=es&amp;aplicacion=wb021&amp;tabla=contenido&amp;uid=u12aa3e5_1576eff20cf__7e8b&amp;alias\">HEI Escuela Abierta de la Ciudadan\u00eda<\/a><\/p>\n<\/div><\/div>\n<\/section>\n<p>\t<!--ODT:start--><!--ODT:end--><br \/>\n<\/p>","protected":false},"excerpt":{"rendered":"<p>10\/04\/2025 18:00 &#8211; 20:00 Palacio de Congresos Europa &#8211; Auditorio [&hellip;]<\/p>\n","protected":false},"author":3,"featured_media":0,"comment_status":"closed","ping_status":"closed","template":"","meta":{"_tribe_events_status":"","_tribe_events_status_reason":"","footnotes":""},"tags":[],"tribe_events_cat":[129],"_links":{"self":[{"href":"https:\/\/hei.eus\/es\/wp-json\/wp\/v2\/tribe_events\/599505"}],"collection":[{"href":"https:\/\/hei.eus\/es\/wp-json\/wp\/v2\/tribe_events"}],"about":[{"href":"https:\/\/hei.eus\/es\/wp-json\/wp\/v2\/types\/tribe_events"}],"author":[{"embeddable":true,"href":"https:\/\/hei.eus\/es\/wp-json\/wp\/v2\/users\/3"}],"replies":[{"embeddable":true,"href":"https:\/\/hei.eus\/es\/wp-json\/wp\/v2\/comments?post=599505"}],"version-history":[{"count":0,"href":"https:\/\/hei.eus\/es\/wp-json\/wp\/v2\/tribe_events\/599505\/revisions"}],"wp:attachment":[{"href":"https:\/\/hei.eus\/es\/wp-json\/wp\/v2\/media?parent=599505"}],"wp:term":[{"taxonomy":"post_tag","embeddable":true,"href":"https:\/\/hei.eus\/es\/wp-json\/wp\/v2\/tags?post=599505"},{"taxonomy":"tribe_events_cat","embeddable":true,"href":"https:\/\/hei.eus\/es\/wp-json\/wp\/v2\/tribe_events_cat?post=599505"}],"curies":[{"name":"wp","href":"https:\/\/api.w.org\/{rel}","templated":true}]}}

<p><!--IndexOFF--><!--IndexON--></p>
<div class="card-header">
<div class="card-header__imagen">
<figure><img decoding="async" src="https://www.vitoria-gasteiz.org/docs/wb021/img/gestor/65/66/gi_86566.png" alt="Jordi Armadans"></figure>
</div>
<div class="card-header__content">
<ul class="card-event__info-list">
<li class="card-event__info card-event__info-calendar">
		      10/04/2025
		    </li>
<li class="card-event__info card-event__info-time">
		      18:00 &#8211; 20:00
		    </li>
<li class="card-event__info card-event__info-location">
		      Palacio de Congresos Europa &#8211; Auditorio Francisco de Vitoria
		    </li>
<li class="card-event__info card-event__info-public">
		      Todos los públicos
		    </li>
<li class="card-event__info card-event__info-lang">
		      Castellano
		    </li>
</ul></div>
</div>
<div>
<p>En un mundo asolado por la violencia y la injusticia, donde crecen las guerras y las vulneraciones de derechos humanos y el derecho internacional humanitario es pisoteado por potencias y países, ¿cómo podemos defender la vida humana, superar la violencia física y estructural, resistir al militarismo y al armamentismo y ayudar a crear las condiciones necesarias para el avance de la paz, el desarme y la dignidad humana?</p>
<p><strong>Jordi Armadans Gil</strong> es politólogo y periodista. Analista y formador en cuestiones de conflictos, paz y seguridad, ha trabajado de director en la Fundació per la Pau (FundiPau) y ha estado vinculado a diversas ONG, campañas y movimientos sociales a favor de la cultura de paz, los derechos humanos, la solidaridad y la justicia global. Como representante de la sociedad civil, ha participado en varios procesos diplomáticos sobre desarme y control de armas en las Naciones Unidas (Tratado sobre la Prohibición de las Armas Nucleares, Tratado sobre el Comercio de Armas y Convención sobre Municiones en Racimo, entre otros). Es autor del libro <em>Pau. El valor de la vida als nostres dies</em> (ARA Llibres, Barcelona, 2022).</p>
<p><strong>Evento programado en colaboración con las jornadas <a href="https://www.vitoria-gasteiz.org/wb021/was/we001Action.do?idioma=es&amp;accion=calMunicipales&amp;accionWe001=ficha&amp;accionGSA=modoCompleto&amp;calendariosID=1019">En el Foco</a>.</strong></p>
</div>
<section id="apartadoEntrada" class="">
<header>
<h2>Acceso</h2>
</header>
<div>
<p>Entrada libre</p>
<p>&#8230; hasta completar aforo.</p>
</p></div>
<div>
<h3>Online</h3>
<div>
<p><strong>Para seguir la emisión online no es necesario inscribirse.</strong></p>
</p>
<p>Una vez finalizados, los eventos de HEI se guardan en la <a href="https://www.vitoria-gasteiz.org/wb021/was/contenidoAction.do?lang=es&amp;locale=es&amp;idioma=es&amp;uid=u_5796530b_15d11059c17__7f70">biblioteca digital</a>.</p>
</div></div>
</section>
<section>
<header>
<h2>Más información</h2>
</header>
<div>
<div>
<p><strong>Te has apuntado y no puedes asistir:</strong></p>
<ul>
<li>Llámanos al teléfono: 945 161 687</li>
<li>Escribe al correo <a href="mailto:heieskola@vitoria-gasteiz.org" target="_blank" rel="external noopener noreferrer">heieskola@vitoria-gasteiz.org</a></li>
</ul>
<p>De esta manera podrán asistir otras personas.</p>
<p>La actividad puede quedar suspendida si no se apuntan suficientes personas.</p>
<p>Actividad incluida dentro de <a href="http://www.vitoria-gasteiz.org/we001/was/we001Action.do?idioma=es&amp;aplicacion=wb021&amp;tabla=contenido&amp;uid=u12aa3e5_1576eff20cf__7e8b&amp;alias">HEI Escuela Abierta de la Ciudadanía</a></p>
</div></div>
</section>
<p>	<!--ODT:start--><!--ODT:end--><br />
</p>
