{"id":18501,"date":"2019-12-25T07:10:13","date_gmt":"2019-12-25T06:10:13","guid":{"rendered":"https:\/\/hei.eus\/es\/eventos\/hei-eventos-el-espejismo-de-la-mayoria\/"},"modified":"2020-09-30T12:27:34","modified_gmt":"2020-09-30T10:27:34","slug":"hei-eventos-el-espejismo-de-la-mayoria","status":"publish","type":"tribe_events","link":"https:\/\/hei.eus\/eu\/eventos\/hei-eventos-el-espejismo-de-la-mayoria\/","title":{"rendered":"HEI EKITALDIAK: &#8216;El espejismo de la mayor\u00eda&#8217; hitzaldia Eduardo Sa\u00e9nz de Cabez\u00f3n-en esku"},"content":{"rendered":"<p><!--ODT--><\/p>\n<p><a href=\"http:\/\/www.vitoria-gasteiz.org\/we001\/was\/we001Action.do?idioma=es&amp;nuevaPag=&amp;uid=u12aa3e5_1576eff20cf__7e6a&amp;aplicacion=wb021&amp;id=&amp;tabla=contenido\">Jarraitu zuzenean<\/a><\/p>\n<p><a href=\"https:\/\/www.youtube.com\/watch?v=NSSZ7F0KY-0\" target=\"_blank\" rel=\"external noopener noreferrer\">https:\/\/www.youtube.com\/watch?v=NSSZ7F0KY-0(Beste leiho batean irekiko da)<\/a><\/p>\n<p><strong>Lekua: <\/strong>Europa Biltzar jauregia<\/p>\n<p><strong>Gonbidapen bidezko sarrerak.<\/strong> 2020ko Urtarrilaren 2tik aurrera jaso daitezke gizarte etxeetan eta kirol instalazioetan.<\/p>\n<h4>El espejismo de la mayor&#237;a<\/h4>\n<p>Talde antolatuetan edo sistema konplexuetan (adibidez, inurritegi bat, populazio bat edo sare sozial bat) &quot;azaleratzen diren propietateak&quot; deitzen duguna sortzen da, norbanako bakoitzaren gaitasunen batura baino zerbait gehiago direnak, adibidez &quot;adimen kolektiboa&quot; deitzen duguna, baina &#8230; propietate horiek beti dira positiboak, edo baliteke gure sarean harrapatuta egotea? Solasaldi honetan, gure gizarteari buruzko begirada bat egiten saiatuko gara, ezusteko aliatu baten laguntzarekin: matematikak.<\/p>\n<h5>Eduardo Sa&#233;nz de Cabez&#243;n @edusadeci <\/h5>\n<p>Eduardo S&#225;enz de Cabez&#243;n (Logro&#241;o, 1972) matematikan doktorea da, eta irakaskuntzan, ikerketan eta dibulgazioan dihardu. 2001. urteaz geroztik, irakaslea da Errioxako Unibertsitateko Matematika eta Konputazio Sailean. Bere ikerketa aljebra konputazionalaren arloan garatzen du, honi ikerketa artikulu ugari eta espainiar eta europar matematikariekin kolaborazioak eman dizkiona. Matematikak zabaltzeko lan handia egiten du, adin guztietako eta mundu osoko milaka pertsonak gozatu dituzten ikuskizun, hitzaldi eta tailerren bidez. 2013an FameLab zientzia-bakarrizketa lehiaketaren irabazlea eta Big Van &quot;Cient&#237;ficos Sobre Ruedas&quot; taldeko sortzaileetako bat izan zen. Youtuben matematika eta bere gozamenerako kanala aurkeztu zuen.<\/p>\n<h4>Informazio gehiago<\/h4>\n<p><strong>Gonbidapen bidezko sarrerak.<\/strong> 2020ko Urtarrilaren 2tik aurrera jaso daitezke gizarte etxeetan eta kirol instalazioetan.<\/p>\n<p>Zeinu-hizkuntzako interpreteak izango dira.<\/p>\n<p>Hitzaldietan haurtzaindegi-zerbitzua edota menpekotasun egoeran dagoen pertsonak zaintzeko zerbitzu eskatu ahal izango dira, 5 egun lehenagora arte, heieskola@vitoria-gasteiz.org posta elektronikoaren bidez edo 945161687 zenbakira deituta.<\/p>\n<p><a href=\"http:\/\/www.vitoria-gasteiz.org\/we001\/was\/we001Action.do?idioma=eu&amp;nuevaPag=&amp;uid=u12aa3e5_1576eff20cf__7e8b&amp;aplicacion=wb021&amp;id=&amp;tabla=contenido\">HEI Herritartasunerako Eskola Irekia <\/a>egistasmoaren baitan jasotako jarduera<\/p>\n<p><\/p>","protected":false},"excerpt":{"rendered":"<p>Jarraitu zuzenean https:\/\/www.youtube.com\/watch?v=NSSZ7F0KY-0(Beste leiho batean irekiko da) Lekua: Europa Biltzar [&hellip;]<\/p>\n","protected":false},"author":3,"featured_media":0,"comment_status":"closed","ping_status":"closed","template":"","meta":{"_tribe_events_status":"","_tribe_events_status_reason":"","footnotes":""},"tags":[],"tribe_events_cat":[129],"_links":{"self":[{"href":"https:\/\/hei.eus\/eu\/wp-json\/wp\/v2\/tribe_events\/18501"}],"collection":[{"href":"https:\/\/hei.eus\/eu\/wp-json\/wp\/v2\/tribe_events"}],"about":[{"href":"https:\/\/hei.eus\/eu\/wp-json\/wp\/v2\/types\/tribe_events"}],"author":[{"embeddable":true,"href":"https:\/\/hei.eus\/eu\/wp-json\/wp\/v2\/users\/3"}],"replies":[{"embeddable":true,"href":"https:\/\/hei.eus\/eu\/wp-json\/wp\/v2\/comments?post=18501"}],"version-history":[{"count":0,"href":"https:\/\/hei.eus\/eu\/wp-json\/wp\/v2\/tribe_events\/18501\/revisions"}],"wp:attachment":[{"href":"https:\/\/hei.eus\/eu\/wp-json\/wp\/v2\/media?parent=18501"}],"wp:term":[{"taxonomy":"post_tag","embeddable":true,"href":"https:\/\/hei.eus\/eu\/wp-json\/wp\/v2\/tags?post=18501"},{"taxonomy":"tribe_events_cat","embeddable":true,"href":"https:\/\/hei.eus\/eu\/wp-json\/wp\/v2\/tribe_events_cat?post=18501"}],"curies":[{"name":"wp","href":"https:\/\/api.w.org\/{rel}","templated":true}]}}

HEI EKITALDIAK: &#8216;El espejismo de la mayoría&#8217; hitzaldia Eduardo Saénz de Cabezón-en esku
