{"id":326566,"date":"2020-10-21T08:09:03","date_gmt":"2020-10-21T06:09:03","guid":{"rendered":"https:\/\/hei.eus\/es\/eventos\/hei-eventos-ser-criticos-con-la-informacion-nos-convierte-en-ciudadania-libre-rosa-ma-calaf\/"},"modified":"2020-11-01T00:07:02","modified_gmt":"2020-10-31T23:07:02","slug":"hei-eventos-ser-criticos-con-la-informacion-nos-convierte-en-ciudadania-libre-rosa-ma-calaf","status":"publish","type":"tribe_events","link":"https:\/\/hei.eus\/eu\/eventos\/hei-eventos-ser-criticos-con-la-informacion-nos-convierte-en-ciudadania-libre-rosa-ma-calaf\/","title":{"rendered":"HEI EKITALDIAK: Ser cr\u00edticos con la informaci\u00f3n nos convierte en ciudadan\u00eda libre, Rosa M\u00aa Calaf"},"content":{"rendered":"<p><!--ODT--><\/p>\n<p><a href=\"http:\/\/www.vitoria-gasteiz.org\/we001\/was\/we001Action.do?idioma=es&amp;nuevaPag=&amp;uid=u12aa3e5_1576eff20cf__7e6a&amp;aplicacion=wb021&amp;id=&amp;tabla=contenido\">Jarraitu zuzenean<\/a><\/p>\n<p><strong>Lekua: <\/strong>Europa Biltzar jauregia<\/p>\n<p><img decoding=\"async\" src=\"https:\/\/www.vitoria-gasteiz.org\/docs\/wb021\/img\/gestor\/42\/25\/gi_64225.jpg\" alt=\"\" \/><\/p>\n<p>Ondo informatuta egoteak bakarrik egiten gaitu libre. Inoiz baino hobeto informatuta gaudela uste dugunean, eskura ditugun tresna teknologikoei esker, informatuta baino entretenituta gaude. Kasurik onenean, helburu merkantilistarekin, okerrenean, borondate manipulatzailearekin.<\/p>\n<p>Gehiago bilatzen da kontsumitzaileen gizartea herritarrena baino. Produktuak eta ideiak erosten dituzten kontsumitzaileena, pentsatzen duten herritarrena baino. Prentsaren helburu soziala, zorroztasunez, independentziaz, pluraltasunez eta zintzotasunez informatzea eskatzen duena, larri narriatuta dago lehiakortasun basatiaren kulturan, zeinak adierazpen-askatasuna osotasun gisa ulertzen baitu pertsonen eskubideak ahazten dituen esparru politiko-ekonomikoan.<\/p>\n<p>Informatzea eta informatuta egotea gero eta zailagoa da. Erronka bihurtzen da gezurra ezartzen denean. Emozio publikoak iritzi publikoa ordezkatzen du. Gaizki informatutako gizarte batean demokrazia eta askatasunak arrisku larrian daude. Beharrezkoa da zentzu kritikoa indartzea, informazio toxikoak gu ez zapaltzeko.<\/p>\n<h4>Rosa M&#170; Calaf<\/h4>\n<p>Zuzenbidean eta Kazetaritzan lizentziatua. TVEren ibilbide zabalena eta askotarikoena duen korrespontsala da, eta RTVEko korrespontsala izan da Estatu Batuetan, Moskun, Buenos Airesen edo Asia-Pazifikoan. Politikaz, ekonomiaz, gatazkez eta hondamendiez, kulturaz eta gizarteaz informatu du. Azken lau hamarkadetako Hhistoriako gertakariak azaldu eta pertsonaiak ezagutu ditu.<\/p>\n<p>RTVEn erretiro aurreratua hartu ondoren, kazetari katalanak hitzaldi, kongresu eta solasaldietan parte hartzen du, gai hauen inguruan hitz egiteko: berriemaile gisa izandako bizipenak, komunikabideen zeregina eta erantzukizuna bakearen eta kulturen arteko elkar ulertzearen eraikuntzan , edo emakumea eta berdintasun-politikak.<\/p>\n<h4>Informazio gehiago<\/h4>\n<p>Sarrera doan, aurrez izena emanda. <\/p>\n<p><a href=\"https:\/\/sedeelectronica.vitoria-gasteiz.org\/m01-10s\/actividadAction.do?lang=eu&amp;locale=eu&amp;idioma=eu&amp;activ=INAU&amp;accion=verObjetivos&amp;cen=5&amp;anio=2020&amp;prog=30\" class=\" btn btn-callToAction \" title=\"Izena eman online\">Izena eman online<\/a><\/p>\n<p>Izena emateko moduak: webguneraren bidez edo <a href=\"tel:010\" target=\"_blank\" rel=\"external noopener noreferrer\">010<\/a> telefonora deituz (edo <a href=\"tel:+34945161100\" target=\"_blank\" rel=\"external noopener noreferrer\">945 161 100<\/a> zenbakira, hiritik kanpo deituz gero) eta aurrez aurre <a href=\"https:\/\/sedeelectronica.vitoria-gasteiz.org\/j30-01s\/contenidoAction.do?lang=eu&amp;locale=eu&amp;idioma=eu&amp;uid=58a0f2b5_11a90110153__7fec\" title=\"[egoitza]\">Herritarren Arretarako Bulegoetan<\/a>.<\/p>\n<p>Izena emateko epea <strong>2020ko urriaren 1ean irekiko da<\/strong>. Eskolako jardueretarako lekuak izena eman den ordenaren arabera esleituko dira.<\/p>\n<p>Izena eman baduzu, baina azkenean ezin baduzu jardueran parte hartu, jakinarazi iezaguzu hura hasi baino lehen, <a href=\"tel:+34945161687\" target=\"_blank\" rel=\"external noopener noreferrer\">945 161687<\/a> telefono-zenbakira deituta edo <a href=\"mailto:heieskola@vitoria-gasteiz.org\" target=\"_blank\" rel=\"external noopener noreferrer\">heieskola@vitoria-gasteiz.org<\/a> bidez. Baja emanez gero, beste pertsona batek bete ahal izango du zuk libre utzitako lekua.<\/p>\n<p>Izen-emateen gutxieneko kopurura iristen ez diren jarduerak bertan behera gera daitezke. <\/p>\n<p><a href=\"http:\/\/www.vitoria-gasteiz.org\/we001\/was\/we001Action.do?idioma=eu&amp;nuevaPag=&amp;uid=u12aa3e5_1576eff20cf__7e8b&amp;aplicacion=wb021&amp;id=&amp;tabla=contenido\">HEI Herritartasunerako Eskola Irekia <\/a>egitasmoaren barruan jasotako jarduera.<\/p>\n<p><\/p>","protected":false},"excerpt":{"rendered":"<p>Jarraitu zuzenean Lekua: Europa Biltzar jauregia Ondo informatuta egoteak bakarrik [&hellip;]<\/p>\n","protected":false},"author":3,"featured_media":0,"comment_status":"closed","ping_status":"closed","template":"","meta":{"_tribe_events_status":"","_tribe_events_status_reason":"","footnotes":""},"tags":[],"tribe_events_cat":[129],"_links":{"self":[{"href":"https:\/\/hei.eus\/eu\/wp-json\/wp\/v2\/tribe_events\/326566"}],"collection":[{"href":"https:\/\/hei.eus\/eu\/wp-json\/wp\/v2\/tribe_events"}],"about":[{"href":"https:\/\/hei.eus\/eu\/wp-json\/wp\/v2\/types\/tribe_events"}],"author":[{"embeddable":true,"href":"https:\/\/hei.eus\/eu\/wp-json\/wp\/v2\/users\/3"}],"replies":[{"embeddable":true,"href":"https:\/\/hei.eus\/eu\/wp-json\/wp\/v2\/comments?post=326566"}],"version-history":[{"count":0,"href":"https:\/\/hei.eus\/eu\/wp-json\/wp\/v2\/tribe_events\/326566\/revisions"}],"wp:attachment":[{"href":"https:\/\/hei.eus\/eu\/wp-json\/wp\/v2\/media?parent=326566"}],"wp:term":[{"taxonomy":"post_tag","embeddable":true,"href":"https:\/\/hei.eus\/eu\/wp-json\/wp\/v2\/tags?post=326566"},{"taxonomy":"tribe_events_cat","embeddable":true,"href":"https:\/\/hei.eus\/eu\/wp-json\/wp\/v2\/tribe_events_cat?post=326566"}],"curies":[{"name":"wp","href":"https:\/\/api.w.org\/{rel}","templated":true}]}}

HEI EKITALDIAK: Ser críticos con la información nos convierte en ciudadanía libre, Rosa Mª Calaf
