{"id":350908,"date":"2021-02-24T07:07:47","date_gmt":"2021-02-24T06:07:47","guid":{"rendered":"https:\/\/hei.eus\/es\/eventos\/hei-eventos-conferencia-repensar-la-participacion-ciudadana-una-mirada-desde-la-etica-a-cargo-de-begona-roman\/"},"modified":"2021-03-01T00:06:15","modified_gmt":"2021-02-28T23:06:15","slug":"hei-eventos-conferencia-repensar-la-participacion-ciudadana-una-mirada-desde-la-etica-a-cargo-de-begona-roman","status":"publish","type":"tribe_events","link":"https:\/\/hei.eus\/eu\/eventos\/hei-eventos-conferencia-repensar-la-participacion-ciudadana-una-mirada-desde-la-etica-a-cargo-de-begona-roman\/","title":{"rendered":"HEI EKITALDIAK: Repensar la participaci\u00f3n ciudadana, una mirada desde la \u00e9tica. Bego\u00f1a Rom\u00e1n"},"content":{"rendered":"<p><!--ODT--><\/p>\n<p>Herritarren parte-hartzea zilegitasun demokratikoaren funtsezko pieza da. Hala ere, partaidetza-prozesuak birpentsatu behar dira, ugariak baitira aldaketak gizarte bizkortuetan eta handia baita publikoarekiko lotura eza. Parte-hartzea ez da mekanismo hutsa, komunitatea sortzeko asmoz desberdinarekin egiten den deliberaziorako topaketa da. Herritarren parte-hartzea bilatu behar dugu, ezin gara mugatu parte-hartzea eskatzera edo protokoloek behartutako partaidetza-prozesuak bete direla egiaztatzera. <\/p>\n<p><span id=\"translation_box\"><\/span>Horretaz guztiaz arituko da <a href=\"#Bego&#241;a\">Bego&#241;a Roman Maestre<\/a>*, bideo honetan parte hartzera gonbidatzen gaituena. <\/p>\n<p><a href=\"https:\/\/www.youtube.com\/watch?v=LZtcHzndt1I\" target=\"_blank\" rel=\"external noopener noreferrer\">https:\/\/www.youtube.com\/watch?v=LZtcHzndt1I(Beste leiho batean irekiko da)<\/a><\/p>\n<p>Sarrera doan, <strong>aurrez izena emanda<\/strong>. Izena emateko moduak: <a href=\"https:\/\/sedeelectronica.vitoria-gasteiz.org\/m01-10s\/actividadAction.do?lang=eu&amp;locale=eu&amp;idioma=eu&amp;activ=BERO&amp;cen=5&amp;accion=verObjetivos&amp;anio=2020&amp;prog=30\" title=\"[egoitza]\">t<\/a>elefonoz (010 edo 945 161 100), aurrez aurre Herritarren Arretarako Bulegoetan, eta online.<\/p>\n<p><a href=\"https:\/\/sedeelectronica.vitoria-gasteiz.org\/m01-10s\/actividadAction.do?lang=eu&amp;locale=eu&amp;idioma=eu&amp;activ=BERO&amp;cen=5&amp;accion=verObjetivos&amp;anio=2020&amp;prog=30\" class=\" btn btn-callToAction \" title=\"Online izen-ematea\">Online izen-ematea<\/a><\/p>\n<p>Ekitaldia Europa Biltzar jauregian izango da. Bertan, Bego&#241;a Romanekin konexioa egingo da eta streaming bidez jarraitu ahalko da bere hitzaldia. Halaber, eskolako <a href=\"https:\/\/www.vitoria-gasteiz.org\/wb021\/was\/contenidoAction.do?lang=eu&amp;locale=eu&amp;idioma=eu&amp;uid=u12aa3e5_1576eff20cf__7e6a&amp;id=\">zuzeneko emanaldien orrialdearen bidez<\/a> jarraitu ahalko da.<\/p>\n<h4>Informazio gehiago<\/h4>\n<p>Izena emateko epea 2021eko urtarrilaren 27an irekiko da. Eskolako jardueretarako lekuak izena eman den ordenaren arabera esleituko dira.<\/p>\n<p>Izena eman baduzu, baina azkenean ezin baduzu jardueran parte hartu, jakinarazi iezaguzu hura hasi baino lehen, 945 161687 telefono-zenbakira deituta edo <a href=\"mailto:heieskola@vitoria-gasteiz.org\" target=\"_blank\" rel=\"external noopener noreferrer\">heieskola@vitoria-gasteiz.org<\/a> bidez. Baja emanez gero, beste pertsona batek bete ahal izango du zuk libre utzitako lekua.<\/p>\n<p>Izen-emateen gutxieneko kopurura iristen ez diren jarduerak bertan behera gera daitezke. <\/p>\n<p><a href=\"http:\/\/www.vitoria-gasteiz.org\/we001\/was\/we001Action.do?idioma=eu&amp;nuevaPag=&amp;uid=u12aa3e5_1576eff20cf__7e8b&amp;aplicacion=wb021&amp;id=&amp;tabla=contenido\">HEI Herritartasunerako Eskola Irekia <\/a>egitasmoaren barruan jasotako jarduera<\/p>\n<p><span id=\"Bego\u00f1a\"><\/span>*Bego&#241;a Roman Maestre Bartzelonako Unibertsitateko Filosofia Fakultateko irakaslea da. Kataluniako Generalitateko &quot;Apor&#237;a: Filosof&#237;a contempor&#225;nea, &#233;tica y pol&#237;tica&quot; ikerketa taldeko kidea da. Bere espezializazio-arloa etika aplikatua da. Kataluniako Gizarte Zerbitzuen Etika Batzordeko lehendakaria da, eta Kataluniako Bioetika Batzordeko kidea, besteak beste.<\/p>\n<p><\/p>","protected":false},"excerpt":{"rendered":"<p>Herritarren parte-hartzea zilegitasun demokratikoaren funtsezko pieza da. Hala ere, partaidetza-prozesuak [&hellip;]<\/p>\n","protected":false},"author":3,"featured_media":0,"comment_status":"closed","ping_status":"closed","template":"","meta":{"_tribe_events_status":"","_tribe_events_status_reason":"","footnotes":""},"tags":[],"tribe_events_cat":[129],"_links":{"self":[{"href":"https:\/\/hei.eus\/eu\/wp-json\/wp\/v2\/tribe_events\/350908"}],"collection":[{"href":"https:\/\/hei.eus\/eu\/wp-json\/wp\/v2\/tribe_events"}],"about":[{"href":"https:\/\/hei.eus\/eu\/wp-json\/wp\/v2\/types\/tribe_events"}],"author":[{"embeddable":true,"href":"https:\/\/hei.eus\/eu\/wp-json\/wp\/v2\/users\/3"}],"replies":[{"embeddable":true,"href":"https:\/\/hei.eus\/eu\/wp-json\/wp\/v2\/comments?post=350908"}],"version-history":[{"count":0,"href":"https:\/\/hei.eus\/eu\/wp-json\/wp\/v2\/tribe_events\/350908\/revisions"}],"wp:attachment":[{"href":"https:\/\/hei.eus\/eu\/wp-json\/wp\/v2\/media?parent=350908"}],"wp:term":[{"taxonomy":"post_tag","embeddable":true,"href":"https:\/\/hei.eus\/eu\/wp-json\/wp\/v2\/tags?post=350908"},{"taxonomy":"tribe_events_cat","embeddable":true,"href":"https:\/\/hei.eus\/eu\/wp-json\/wp\/v2\/tribe_events_cat?post=350908"}],"curies":[{"name":"wp","href":"https:\/\/api.w.org\/{rel}","templated":true}]}}

HEI EKITALDIAK: Repensar la participación ciudadana, una mirada desde la ética. Begoña Román

<p><!--ODT--></p>
<p>Herritarren parte-hartzea zilegitasun demokratikoaren funtsezko pieza da. Hala ere, partaidetza-prozesuak birpentsatu behar dira, ugariak baitira aldaketak gizarte bizkortuetan eta handia baita publikoarekiko lotura eza. Parte-hartzea ez da mekanismo hutsa, komunitatea sortzeko asmoz desberdinarekin egiten den deliberaziorako topaketa da. Herritarren parte-hartzea bilatu behar dugu, ezin gara mugatu parte-hartzea eskatzera edo protokoloek behartutako partaidetza-prozesuak bete direla egiaztatzera. </p>
<p><span id="translation_box"></span>Horretaz guztiaz arituko da <a href="#Bego&#241;a">Bego&#241;a Roman Maestre</a>*, bideo honetan parte hartzera gonbidatzen gaituena. </p>
<p><a href="https://www.youtube.com/watch?v=LZtcHzndt1I" target="_blank" rel="external noopener noreferrer">https://www.youtube.com/watch?v=LZtcHzndt1I(Beste leiho batean irekiko da)</a></p>
<p>Sarrera doan, <strong>aurrez izena emanda</strong>. Izena emateko moduak: <a href="https://sedeelectronica.vitoria-gasteiz.org/m01-10s/actividadAction.do?lang=eu&amp;locale=eu&amp;idioma=eu&amp;activ=BERO&amp;cen=5&amp;accion=verObjetivos&amp;anio=2020&amp;prog=30" title="[egoitza]">t</a>elefonoz (010 edo 945 161 100), aurrez aurre Herritarren Arretarako Bulegoetan, eta online.</p>
<p><a href="https://sedeelectronica.vitoria-gasteiz.org/m01-10s/actividadAction.do?lang=eu&amp;locale=eu&amp;idioma=eu&amp;activ=BERO&amp;cen=5&amp;accion=verObjetivos&amp;anio=2020&amp;prog=30" class=" btn btn-callToAction " title="Online izen-ematea">Online izen-ematea</a></p>
<p>Ekitaldia Europa Biltzar jauregian izango da. Bertan, Bego&#241;a Romanekin konexioa egingo da eta streaming bidez jarraitu ahalko da bere hitzaldia. Halaber, eskolako <a href="https://www.vitoria-gasteiz.org/wb021/was/contenidoAction.do?lang=eu&amp;locale=eu&amp;idioma=eu&amp;uid=u12aa3e5_1576eff20cf__7e6a&amp;id=">zuzeneko emanaldien orrialdearen bidez</a> jarraitu ahalko da.</p>
<h4>Informazio gehiago</h4>
<p>Izena emateko epea 2021eko urtarrilaren 27an irekiko da. Eskolako jardueretarako lekuak izena eman den ordenaren arabera esleituko dira.</p>
<p>Izena eman baduzu, baina azkenean ezin baduzu jardueran parte hartu, jakinarazi iezaguzu hura hasi baino lehen, 945 161687 telefono-zenbakira deituta edo <a href="mailto:heieskola@vitoria-gasteiz.org" target="_blank" rel="external noopener noreferrer">heieskola@vitoria-gasteiz.org</a> bidez. Baja emanez gero, beste pertsona batek bete ahal izango du zuk libre utzitako lekua.</p>
<p>Izen-emateen gutxieneko kopurura iristen ez diren jarduerak bertan behera gera daitezke. </p>
<p><a href="http://www.vitoria-gasteiz.org/we001/was/we001Action.do?idioma=eu&amp;nuevaPag=&amp;uid=u12aa3e5_1576eff20cf__7e8b&amp;aplicacion=wb021&amp;id=&amp;tabla=contenido">HEI Herritartasunerako Eskola Irekia </a>egitasmoaren barruan jasotako jarduera</p>
<p><span id="Begoña"></span>*Bego&#241;a Roman Maestre Bartzelonako Unibertsitateko Filosofia Fakultateko irakaslea da. Kataluniako Generalitateko &quot;Apor&#237;a: Filosof&#237;a contempor&#225;nea, &#233;tica y pol&#237;tica&quot; ikerketa taldeko kidea da. Bere espezializazio-arloa etika aplikatua da. Kataluniako Gizarte Zerbitzuen Etika Batzordeko lehendakaria da, eta Kataluniako Bioetika Batzordeko kidea, besteak beste.</p>
<p></p>
