{"id":365934,"date":"2021-05-31T08:09:03","date_gmt":"2021-05-31T06:09:03","guid":{"rendered":"https:\/\/hei.eus\/es\/eventos\/hei-eventos-etica-cosmopolita-por-una-ciudadania-lucida-y-responsable\/"},"modified":"2021-06-01T01:04:56","modified_gmt":"2021-05-31T23:04:56","slug":"hei-eventos-etica-cosmopolita-por-una-ciudadania-lucida-y-responsable","status":"publish","type":"tribe_events","link":"https:\/\/hei.eus\/eu\/eventos\/hei-eventos-etica-cosmopolita-por-una-ciudadania-lucida-y-responsable\/","title":{"rendered":"HEI EKITALDIAK: &#8216;\u00c9tica cosmopolita: por una ciudadan\u00eda l\u00facida y responsable'"},"content":{"rendered":"<p><!--ODT--><\/p>\n<p>Ekitaldia<strong> online<\/strong> jarraitu dezakezu, Herritartasunerako Eskolako <a href=\"https:\/\/www.vitoria-gasteiz.org\/wb021\/was\/contenidoAction.do?lang=eu&amp;locale=eu&amp;idioma=eu&amp;uid=u12aa3e5_1576eff20cf__7e6a&amp;id=\">zuzeneko emanaldien orrialdearen bidez<\/a>. Emisioa maiatzaren 6ko 18:30ean hasiko da. <\/p>\n<p>Koronabirusaren pandemiak gogorarazi digu erronka handiei ezin zaiela heldu indibidualismo berekoitik, elkarrekiko laguntzatik baizik; ez lehia basatitik, baizik eta lankidetzatik eta elkartasun aktibotik. Beharrezkoa da, beraz, herritar argi eta arduratsuen ahaleginak batzea politika- eta enpresa-boterearekin. Eta ez bakarrik denok itsasontzi berean gaudelako, baizik eta, batez ere, pertsonen duintasuna eta naturaren balioa axola zaizkigulako.<\/p>\n<p><img decoding=\"async\" src=\"https:\/\/www.vitoria-gasteiz.org\/docs\/wb021\/img\/gestor\/72\/81\/gi_67281.jpg\" alt=\"\" class=\"pull-right\" \/> Horretaz guztiaz arituko da <strong>Adela Cortina, Etika eta Filosofia Politikoko katedraduna <\/strong>Valentziako Unibertsitatean, baita Zientzia Moral eta Politikoen Errege Akademiako kidea. Hartara, akademia1857an sortu zenetik sartu den lehen emakumea da. Bere argitalpenen artean honakoak aipa ditzakegu:<i> &#201;tica m&#237;nima; &#201;tica sin moral; &#201;tica aplicada y democracia radical; Ciudadanos del mundo; Por una &#233;tica del consumo; &#201;tica de la raz&#243;n cordial; Las fronteras de la persona; Justicia cordial <\/i>eta<i> Neuro&#233;tica y neuropol&#237;tica.<\/i><\/p>\n<p>Ekitaldia<strong> Europa jauregian<\/strong> izango da, eta Adela Cortina <strong>bideokonferentziaz<\/strong> arituko da. Naiara Lopez de Munain kazetariak Europa jauregitik aurkeztuko du hitzaldia eta berarekin hitz egingo du. Era berean, bertaratutako jendeak proposatzen dituen gaiak eta <a href=\"https:\/\/www.vitoria-gasteiz.org\/wb021\/was\/contenidoAction.do?lang=eu&amp;locale=eu&amp;idioma=eu&amp;uid=u12aa3e5_1576eff20cf__7e6a&amp;id=\">online <\/a>iristen direnak planteatuko dizkio. <\/p>\n<p>Sarrera <strong>doan<\/strong>,<a href=\"https:\/\/sedeelectronica.vitoria-gasteiz.org\/m01-10s\/actividadAction.do?lang=eu&amp;locale=eu&amp;idioma=eu&amp;activ=ADEL&amp;cen=5&amp;accion=verObjetivos&amp;anio=2020&amp;prog=30\" title=\"[egoitza]\"> <strong>aurrez izena emanda<\/strong><\/a>. Bakarrik bete behar dute formularioa ekitaldia Europa Jauregian jarraitu nahi dutenek. Apirilaren 26tik aurrera eman daiteke izena, telefonoz (<a href=\"tel:010\" target=\"_blank\" rel=\"external noopener noreferrer\">010<\/a> edo <a href=\"tel:+34945161100\" target=\"_blank\" rel=\"external noopener noreferrer\">945 16 11 00<\/a>), aurrez aurre <a href=\"https:\/\/sedeelectronica.vitoria-gasteiz.org\/j30-01s\/contenidoAction.do?lang=eu&amp;locale=eu&amp;idioma=eu&amp;uid=e5b59a_12328222124__7ff9\" title=\"[egoitza]\">Herritarren Arretarako Bulegoetan<\/a>, eta online: <\/p>\n<p><a href=\"https:\/\/sedeelectronica.vitoria-gasteiz.org\/m01-10s\/actividadAction.do?accion=verObjetivos&amp;prog=30&amp;cen=5&amp;activ=ADEL&amp;anio=2020\" class=\"btn btn-callToAction\" title=\"Inscripci&#243;n online\">Izena eman Europako ekitaldirako<\/a> <\/p>\n<p><a href=\"https:\/\/www.vitoria-gasteiz.org\/wb021\/was\/contenidoAction.do?lang=eu&amp;locale=eu&amp;idioma=eu&amp;uid=u12aa3e5_1576eff20cf__7e6a&amp;id=\">Emisioa online<\/a> jarraitzeko ez da izena eman behar. <\/p>\n<h4>Informazio gehiago<\/h4>\n<p>Izena eman baduzu, baina azkenean ezin baduzu jardueran parte hartu, jakinarazi iezaguzu hura hasi baino lehen, <a href=\"tel:+34945161687\" target=\"_blank\" rel=\"external noopener noreferrer\">945 16 16 87<\/a> telefono-zenbakira deituta edo <a href=\"mailto:heieskola@vitoria-gasteiz.org\" target=\"_blank\" rel=\"external noopener noreferrer\">heieskola@vitoria-gasteiz.org<\/a> bidez. Baja emanez gero, beste pertsona batek bete ahal izango du zuk libre utzitako lekua.<\/p>\n<p>Izen-emateen gutxieneko kopurura iristen ez diren jarduerak bertan behera gera daitezke. <\/p>\n<p><a href=\"http:\/\/www.vitoria-gasteiz.org\/we001\/was\/we001Action.do?idioma=eu&amp;nuevaPag=&amp;uid=u12aa3e5_1576eff20cf__7e8b&amp;aplicacion=wb021&amp;id=&amp;tabla=contenido\">HEI Herritartasunerako Eskola Irekia <\/a>egitasmoaren barruan jasotako jarduera<\/p>\n<p><span id=\"Bego\u00f1a\"><\/span>*Bego&#241;a Roman Maestre Bartzelonako Unibertsitateko Filosofia Fakultateko irakaslea da. Kataluniako Generalitateko &quot;Apor&#237;a: Filosof&#237;a contempor&#225;nea, &#233;tica y pol&#237;tica&quot; ikerketa taldeko kidea da. Bere espezializazio-arloa etika aplikatua da. Kataluniako Gizarte Zerbitzuen Etika Batzordeko lehendakaria da, eta Kataluniako Bioetika Batzordeko kidea, besteak beste.<\/p>\n<p><\/p>","protected":false},"excerpt":{"rendered":"<p>Ekitaldia online jarraitu dezakezu, Herritartasunerako Eskolako zuzeneko emanaldien orrialdearen bidez. [&hellip;]<\/p>\n","protected":false},"author":3,"featured_media":0,"comment_status":"closed","ping_status":"closed","template":"","meta":{"_tribe_events_status":"","_tribe_events_status_reason":"","footnotes":""},"tags":[],"tribe_events_cat":[129],"_links":{"self":[{"href":"https:\/\/hei.eus\/eu\/wp-json\/wp\/v2\/tribe_events\/365934"}],"collection":[{"href":"https:\/\/hei.eus\/eu\/wp-json\/wp\/v2\/tribe_events"}],"about":[{"href":"https:\/\/hei.eus\/eu\/wp-json\/wp\/v2\/types\/tribe_events"}],"author":[{"embeddable":true,"href":"https:\/\/hei.eus\/eu\/wp-json\/wp\/v2\/users\/3"}],"replies":[{"embeddable":true,"href":"https:\/\/hei.eus\/eu\/wp-json\/wp\/v2\/comments?post=365934"}],"version-history":[{"count":0,"href":"https:\/\/hei.eus\/eu\/wp-json\/wp\/v2\/tribe_events\/365934\/revisions"}],"wp:attachment":[{"href":"https:\/\/hei.eus\/eu\/wp-json\/wp\/v2\/media?parent=365934"}],"wp:term":[{"taxonomy":"post_tag","embeddable":true,"href":"https:\/\/hei.eus\/eu\/wp-json\/wp\/v2\/tags?post=365934"},{"taxonomy":"tribe_events_cat","embeddable":true,"href":"https:\/\/hei.eus\/eu\/wp-json\/wp\/v2\/tribe_events_cat?post=365934"}],"curies":[{"name":"wp","href":"https:\/\/api.w.org\/{rel}","templated":true}]}}

HEI EKITALDIAK: &#8216;Ética cosmopolita: por una ciudadanía lúcida y responsable'

<p><!--ODT--></p>
<p>Ekitaldia<strong> online</strong> jarraitu dezakezu, Herritartasunerako Eskolako <a href="https://www.vitoria-gasteiz.org/wb021/was/contenidoAction.do?lang=eu&amp;locale=eu&amp;idioma=eu&amp;uid=u12aa3e5_1576eff20cf__7e6a&amp;id=">zuzeneko emanaldien orrialdearen bidez</a>. Emisioa maiatzaren 6ko 18:30ean hasiko da. </p>
<p>Koronabirusaren pandemiak gogorarazi digu erronka handiei ezin zaiela heldu indibidualismo berekoitik, elkarrekiko laguntzatik baizik; ez lehia basatitik, baizik eta lankidetzatik eta elkartasun aktibotik. Beharrezkoa da, beraz, herritar argi eta arduratsuen ahaleginak batzea politika- eta enpresa-boterearekin. Eta ez bakarrik denok itsasontzi berean gaudelako, baizik eta, batez ere, pertsonen duintasuna eta naturaren balioa axola zaizkigulako.</p>
<p><img decoding="async" src="https://www.vitoria-gasteiz.org/docs/wb021/img/gestor/72/81/gi_67281.jpg" alt="" class="pull-right" /> Horretaz guztiaz arituko da <strong>Adela Cortina, Etika eta Filosofia Politikoko katedraduna </strong>Valentziako Unibertsitatean, baita Zientzia Moral eta Politikoen Errege Akademiako kidea. Hartara, akademia1857an sortu zenetik sartu den lehen emakumea da. Bere argitalpenen artean honakoak aipa ditzakegu:<i> &#201;tica m&#237;nima; &#201;tica sin moral; &#201;tica aplicada y democracia radical; Ciudadanos del mundo; Por una &#233;tica del consumo; &#201;tica de la raz&#243;n cordial; Las fronteras de la persona; Justicia cordial </i>eta<i> Neuro&#233;tica y neuropol&#237;tica.</i></p>
<p>Ekitaldia<strong> Europa jauregian</strong> izango da, eta Adela Cortina <strong>bideokonferentziaz</strong> arituko da. Naiara Lopez de Munain kazetariak Europa jauregitik aurkeztuko du hitzaldia eta berarekin hitz egingo du. Era berean, bertaratutako jendeak proposatzen dituen gaiak eta <a href="https://www.vitoria-gasteiz.org/wb021/was/contenidoAction.do?lang=eu&amp;locale=eu&amp;idioma=eu&amp;uid=u12aa3e5_1576eff20cf__7e6a&amp;id=">online </a>iristen direnak planteatuko dizkio. </p>
<p>Sarrera <strong>doan</strong>,<a href="https://sedeelectronica.vitoria-gasteiz.org/m01-10s/actividadAction.do?lang=eu&amp;locale=eu&amp;idioma=eu&amp;activ=ADEL&amp;cen=5&amp;accion=verObjetivos&amp;anio=2020&amp;prog=30" title="[egoitza]"> <strong>aurrez izena emanda</strong></a>. Bakarrik bete behar dute formularioa ekitaldia Europa Jauregian jarraitu nahi dutenek. Apirilaren 26tik aurrera eman daiteke izena, telefonoz (<a href="tel:010" target="_blank" rel="external noopener noreferrer">010</a> edo <a href="tel:+34945161100" target="_blank" rel="external noopener noreferrer">945 16 11 00</a>), aurrez aurre <a href="https://sedeelectronica.vitoria-gasteiz.org/j30-01s/contenidoAction.do?lang=eu&amp;locale=eu&amp;idioma=eu&amp;uid=e5b59a_12328222124__7ff9" title="[egoitza]">Herritarren Arretarako Bulegoetan</a>, eta online: </p>
<p><a href="https://sedeelectronica.vitoria-gasteiz.org/m01-10s/actividadAction.do?accion=verObjetivos&amp;prog=30&amp;cen=5&amp;activ=ADEL&amp;anio=2020" class="btn btn-callToAction" title="Inscripci&#243;n online">Izena eman Europako ekitaldirako</a> </p>
<p><a href="https://www.vitoria-gasteiz.org/wb021/was/contenidoAction.do?lang=eu&amp;locale=eu&amp;idioma=eu&amp;uid=u12aa3e5_1576eff20cf__7e6a&amp;id=">Emisioa online</a> jarraitzeko ez da izena eman behar. </p>
<h4>Informazio gehiago</h4>
<p>Izena eman baduzu, baina azkenean ezin baduzu jardueran parte hartu, jakinarazi iezaguzu hura hasi baino lehen, <a href="tel:+34945161687" target="_blank" rel="external noopener noreferrer">945 16 16 87</a> telefono-zenbakira deituta edo <a href="mailto:heieskola@vitoria-gasteiz.org" target="_blank" rel="external noopener noreferrer">heieskola@vitoria-gasteiz.org</a> bidez. Baja emanez gero, beste pertsona batek bete ahal izango du zuk libre utzitako lekua.</p>
<p>Izen-emateen gutxieneko kopurura iristen ez diren jarduerak bertan behera gera daitezke. </p>
<p><a href="http://www.vitoria-gasteiz.org/we001/was/we001Action.do?idioma=eu&amp;nuevaPag=&amp;uid=u12aa3e5_1576eff20cf__7e8b&amp;aplicacion=wb021&amp;id=&amp;tabla=contenido">HEI Herritartasunerako Eskola Irekia </a>egitasmoaren barruan jasotako jarduera</p>
<p><span id="Begoña"></span>*Bego&#241;a Roman Maestre Bartzelonako Unibertsitateko Filosofia Fakultateko irakaslea da. Kataluniako Generalitateko &quot;Apor&#237;a: Filosof&#237;a contempor&#225;nea, &#233;tica y pol&#237;tica&quot; ikerketa taldeko kidea da. Bere espezializazio-arloa etika aplikatua da. Kataluniako Gizarte Zerbitzuen Etika Batzordeko lehendakaria da, eta Kataluniako Bioetika Batzordeko kidea, besteak beste.</p>
<p></p>
