{"id":540924,"date":"2024-09-19T11:37:53","date_gmt":"2024-09-19T09:37:53","guid":{"rendered":"https:\/\/hei.eus\/es\/eventos\/hei-lab-introduccion-a-las-comunidades-energeticas-instrumento-clave-en-la-transicion-energetica\/"},"modified":"2024-11-01T00:37:54","modified_gmt":"2024-10-31T23:37:54","slug":"hei-lab-introduccion-a-las-comunidades-energeticas-instrumento-clave-en-la-transicion-energetica","status":"publish","type":"tribe_events","link":"https:\/\/hei.eus\/eu\/eventos\/hei-lab-introduccion-a-las-comunidades-energeticas-instrumento-clave-en-la-transicion-energetica\/","title":{"rendered":"HEI LAB: Introducci\u00f3n a las Comunidades Energ\u00e9ticas: instrumento clave en la transici\u00f3n energ\u00e9tica."},"content":{"rendered":"<p><\/p>\n<div class=\"card-header\">\n<div class=\"card-header__imagen\">\n<figure><img decoding=\"async\" src=\"https:\/\/www.vitoria-gasteiz.org\/docs\/wb021\/img\/gestor\/41\/15\/gi_84115.jpg\" alt=\"Gasteizko Eraldaketa Energetikorako Bulegoa\"><\/figure>\n<\/div>\n<div class=\"card-header__content\">\n<ul class=\"card-event__info-list\">\n<li class=\"card-event__info card-event__info-calendar\">\n\t\t      2024\/10\/08\n\t\t    <\/li>\n<li class=\"card-event__info card-event__info-time\">\n\t\t      18:00 &#8211; 20:00\n\t\t    <\/li>\n<li class=\"card-event__info card-event__info-location\">\n\t\t      Simone de Beauvoir Elkarteetarako Etxea\n\t\t    <\/li>\n<li class=\"card-event__info card-event__info-public\">\n\t\t      Publiko guztiak\n\t\t    <\/li>\n<li class=\"card-event__info card-event__info-lang\">\n\t\t      Gaztelania\n\t\t    <\/li>\n<\/ul><\/div>\n<\/div>\n<div>\n<p>Hurrengo jardunaldian, energia-komunitateak zer diren azalduko da eta horien funtzionamendua aztertuko da. Gaur egungo eredu energetikoa aldatzeko beharra aztertuko da. Komunitate Energetikoak trantsizio energetiko horretan funtsezko tresna gisa ematen dira. Energia sortzeko eta kontsumitzeko eredu horren izaera jasangarriaz eta deszentralizatuaz hitz egingo dugu. Saio honetan, energia-komunitateei buruzko prestakuntzan parte har dezaketen eragileak ere aipatuko ditugu.<\/p>\n<p>Trebatzaileak: <strong>Aitor Perez<\/strong> eta <strong>Pablo Imaz<\/strong> (Gasteizko Eraldaketa Energetikorako Bulegoa).<\/p>\n<\/div>\n<section id=\"apartadoEntrada\" class=\"\">\n<header>\n<h2>Sarbide mota<\/h2>\n<\/header>\n<div>\n      <a class=\"boton\" href=\"https:\/\/www.vitoria-gasteiz.org\/j31-01w\/formularioViewer\/index?lang=eu&amp;locale=eu&amp;idioma=eu&amp;formularioId=913\" title=\"\">Izen-ematea<\/a><\/p>\n<dl>\n<dt>Izena emateko datak<\/dt>\n<dd>Noiztik: 2024\/09\/19 00:00 Noiz arte: 2024\/10\/08 13:00<\/dd>\n<\/dl>\n<p>&#8230;edo lekuak bete arte.<\/p>\n<\/p><\/div>\n<\/section>\n<section>\n<header>\n<h2>Informazio gehiago<\/h2>\n<\/header>\n<div>\n<div>\n<p><strong>Izena eman duzu eta ezin zara joan:<\/strong><\/p>\n<ul>\n<li>Deitu telefono honetara: 945 161 687<\/li>\n<li><a href=\"mailto:heieskola@vitoria-gasteiz.org\" target=\"_blank\" rel=\"external noopener noreferrer\">heieskola@vitoria-gasteiz.org<\/a> idatzi<\/li>\n<\/ul>\n<p>Horrela, beste lagun batzuk bertaratzeko aukera izango dute..<\/p>\n<p>Jarduera bertan behera gera daiteke behar beste pertsonak izena ematen ez badu.<\/p>\n<p><strong><a href=\"http:\/\/www.vitoria-gasteiz.org\/we001\/was\/we001Action.do?idioma=eu&amp;nuevaPag=&amp;uid=u12aa3e5_1576eff20cf__7e8b&amp;aplicacion=wb021&amp;id=&amp;tabla=contenido\">HEI Herritartasunerako Eskola Irekia <\/a>egitasmoaren baitako jarduera.<\/strong><\/p>\n<\/div><\/div>\n<\/section>\n<section id=\"apartadoMapa\">\n<header>\n<h2 class=\"oculto\">Non<\/h2>\n<\/header>\n<div>\n<div><\/div>\n<\/p><\/div>\n<\/section>\n<p>\t<!--ODT:start--><!--ODT:end--><br \/>\n<\/p>\n<div style=\"text-align: center\"><a href=\"https:\/\/www.vitoria-gasteiz.org\/j31-01w\/formularioViewer\/index?lang=eu&amp;locale=eu&amp;idioma=eu&amp;formularioId=913\" class=\"tribe-events-button\">IZENA EMAN<\/a><\/div>\n<p><\/p>","protected":false},"excerpt":{"rendered":"<p>2024\/10\/08 18:00 &#8211; 20:00 Simone de Beauvoir Elkarteetarako Etxea Publiko [&hellip;]<\/p>\n","protected":false},"author":3,"featured_media":0,"comment_status":"closed","ping_status":"closed","template":"","meta":{"_tribe_events_status":"","_tribe_events_status_reason":"","footnotes":""},"tags":[],"tribe_events_cat":[134],"_links":{"self":[{"href":"https:\/\/hei.eus\/eu\/wp-json\/wp\/v2\/tribe_events\/540924"}],"collection":[{"href":"https:\/\/hei.eus\/eu\/wp-json\/wp\/v2\/tribe_events"}],"about":[{"href":"https:\/\/hei.eus\/eu\/wp-json\/wp\/v2\/types\/tribe_events"}],"author":[{"embeddable":true,"href":"https:\/\/hei.eus\/eu\/wp-json\/wp\/v2\/users\/3"}],"replies":[{"embeddable":true,"href":"https:\/\/hei.eus\/eu\/wp-json\/wp\/v2\/comments?post=540924"}],"version-history":[{"count":0,"href":"https:\/\/hei.eus\/eu\/wp-json\/wp\/v2\/tribe_events\/540924\/revisions"}],"wp:attachment":[{"href":"https:\/\/hei.eus\/eu\/wp-json\/wp\/v2\/media?parent=540924"}],"wp:term":[{"taxonomy":"post_tag","embeddable":true,"href":"https:\/\/hei.eus\/eu\/wp-json\/wp\/v2\/tags?post=540924"},{"taxonomy":"tribe_events_cat","embeddable":true,"href":"https:\/\/hei.eus\/eu\/wp-json\/wp\/v2\/tribe_events_cat?post=540924"}],"curies":[{"name":"wp","href":"https:\/\/api.w.org\/{rel}","templated":true}]}}

HEI LAB: Introducción a las Comunidades Energéticas: instrumento clave en la transición energética.
